{"id":337,"date":"2021-08-05T00:00:00","date_gmt":"2021-08-05T00:00:00","guid":{"rendered":"http:\/\/pacs.org.br\/novo-marcos-arruda\/massa-critica\/o-desafio-de-transformar-se-em-cidadao-ativo-do-brasil-sob-um-governo-popular-port-esp\/"},"modified":"2022-10-13T14:26:47","modified_gmt":"2022-10-13T14:26:47","slug":"o-desafio-de-transformar-se-em-cidadao-ativo-do-brasil-sob-um-governo-popular-port-esp","status":"publish","type":"massa-critica","link":"http:\/\/pacs.org.br\/marcosarruda\/massa-critica\/o-desafio-de-transformar-se-em-cidadao-ativo-do-brasil-sob-um-governo-popular-port-esp\/","title":{"rendered":"O desafio de transformar-se em cidad\u00e3o ativo do Brasil sob um governo popular (port\/esp)"},"content":{"rendered":"\n<p>&#8220;Quando um povo elege um governo identificado com suas aspira\u00e7\u00f5es de transforma\u00e7\u00e3o socioecon\u00f4mica, novos riscos emergem. Um deles \u00e9 de que o governo diga \u201co povo agora \u00e9 o Estado, portanto, quem criticar o Estado est\u00e1 se opondo ao pr\u00f3prio povo\u201d. Esta proje\u00e7\u00e3o psicol\u00f3gica tem conseq\u00fc\u00eancias pol\u00edticas s\u00e9rias \u2013 pode levar ao absolutismo. O outro risco \u00e9 de que o povo diga: \u201ctemos um governo do povo, que vai promover a mudan\u00e7a socioecon\u00f4mica a nosso favor; agora podemos voltar para casa e cuidar da nossa vida\u201d. Neste caso, o perigo \u00e9 que a Sociedade Civil se imobilize, com a ilus\u00e3o de que det\u00e9m o poder do Estado e que a resposta \u00e0s suas necessidades e demandas vem do Estado e n\u00e3o dela pr\u00f3pria.<\/p>\n\n\n\n<p>[&#8230;]&#8221;<\/p>\n\n\n\n<div class=\"wp-block-file\"><a id=\"wp-block-file--media-b35148a9-cb20-4745-944b-7e3b3b90ac4d\" href=\"http:\/\/pacs.org.br\/wp-content\/uploads\/2021\/08\/PUB_PACS_2003_003.pdf\">Confira o Massa Cr\u00edtica em portugu\u00eas na \u00edntegra:<\/a><a href=\"http:\/\/pacs.org.br\/wp-content\/uploads\/2021\/08\/PUB_PACS_2003_003.pdf\" class=\"wp-block-file__button\" download aria-describedby=\"wp-block-file--media-b35148a9-cb20-4745-944b-7e3b3b90ac4d\">Baixar<\/a><\/div>\n\n\n\n<div class=\"wp-block-file\"><a id=\"wp-block-file--media-6ac6bcf3-584d-43de-bef6-bd49b28fe28b\" href=\"http:\/\/pacs.org.br\/wp-content\/uploads\/2021\/08\/PUB_PACS_2003_004.pdf\">Confira o Massa Cr\u00edtica em espanhol na \u00edntegra:<\/a><a href=\"http:\/\/pacs.org.br\/wp-content\/uploads\/2021\/08\/PUB_PACS_2003_004.pdf\" class=\"wp-block-file__button\" download aria-describedby=\"wp-block-file--media-6ac6bcf3-584d-43de-bef6-bd49b28fe28b\">Baixar<\/a><\/div>\n","protected":false},"excerpt":{"rendered":"<p>&#8220;Quando um povo elege um governo identificado com suas aspira\u00e7\u00f5es de transforma\u00e7\u00e3o socioecon\u00f4mica, novos riscos emergem. Um deles \u00e9 de que o governo diga \u201co povo agora \u00e9 o Estado, portanto, quem criticar o Estado est\u00e1 se opondo ao pr\u00f3prio povo\u201d. Esta proje\u00e7\u00e3o psicol\u00f3gica tem conseq\u00fc\u00eancias pol\u00edticas s\u00e9rias \u2013 pode levar ao absolutismo. O outro [&hellip;]<\/p>\n","protected":false},"featured_media":415,"template":"","class_list":["post-337","massa-critica","type-massa-critica","status-publish","has-post-thumbnail","hentry"],"_links":{"self":[{"href":"http:\/\/pacs.org.br\/marcosarruda\/wp-json\/wp\/v2\/massa-critica\/337","targetHints":{"allow":["GET"]}}],"collection":[{"href":"http:\/\/pacs.org.br\/marcosarruda\/wp-json\/wp\/v2\/massa-critica"}],"about":[{"href":"http:\/\/pacs.org.br\/marcosarruda\/wp-json\/wp\/v2\/types\/massa-critica"}],"version-history":[{"count":1,"href":"http:\/\/pacs.org.br\/marcosarruda\/wp-json\/wp\/v2\/massa-critica\/337\/revisions"}],"predecessor-version":[{"id":438,"href":"http:\/\/pacs.org.br\/marcosarruda\/wp-json\/wp\/v2\/massa-critica\/337\/revisions\/438"}],"wp:featuredmedia":[{"embeddable":true,"href":"http:\/\/pacs.org.br\/marcosarruda\/wp-json\/wp\/v2\/media\/415"}],"wp:attachment":[{"href":"http:\/\/pacs.org.br\/marcosarruda\/wp-json\/wp\/v2\/media?parent=337"}],"curies":[{"name":"wp","href":"https:\/\/api.w.org\/{rel}","templated":true}]}}

O desafio de transformar-se em cidadão ativo do Brasil sob um governo popular (port/esp)

<p>&#8220;Quando um povo elege um governo identificado com suas aspirações de transformação socioeconômica, novos riscos emergem. Um deles é de que o governo diga “o povo agora é o Estado, portanto, quem criticar o Estado está se opondo ao próprio povo”. Esta projeção psicológica tem conseqüências políticas sérias – pode levar ao absolutismo. O outro risco é de que o povo diga: “temos um governo do povo, que vai promover a mudança socioeconômica a nosso favor; agora podemos voltar para casa e cuidar da nossa vida”. Neste caso, o perigo é que a Sociedade Civil se imobilize, com a ilusão de que detém o poder do Estado e que a resposta às suas necessidades e demandas vem do Estado e não dela própria.</p>



<p>[&#8230;]&#8221;</p>



<div class="wp-block-file"><a id="wp-block-file--media-b35148a9-cb20-4745-944b-7e3b3b90ac4d" href="http://pacs.org.br/wp-content/uploads/2021/08/PUB_PACS_2003_003.pdf">Confira o Massa Crítica em português na íntegra:</a><a href="http://pacs.org.br/wp-content/uploads/2021/08/PUB_PACS_2003_003.pdf" class="wp-block-file__button" download aria-describedby="wp-block-file--media-b35148a9-cb20-4745-944b-7e3b3b90ac4d">Baixar</a></div>



<div class="wp-block-file"><a id="wp-block-file--media-6ac6bcf3-584d-43de-bef6-bd49b28fe28b" href="http://pacs.org.br/wp-content/uploads/2021/08/PUB_PACS_2003_004.pdf">Confira o Massa Crítica em espanhol na íntegra:</a><a href="http://pacs.org.br/wp-content/uploads/2021/08/PUB_PACS_2003_004.pdf" class="wp-block-file__button" download aria-describedby="wp-block-file--media-6ac6bcf3-584d-43de-bef6-bd49b28fe28b">Baixar</a></div>

<p>&#8220;Quando um povo elege um governo identificado com suas aspirações de transformação socioeconômica, novos riscos emergem. Um deles é de que o governo diga “o povo agora é o Estado, portanto, quem criticar o Estado está se opondo ao próprio povo”. Esta projeção psicológica tem conseqüências políticas sérias – pode levar ao absolutismo. O outro [&hellip;]</p>
