{"id":112,"date":"2021-05-07T15:50:47","date_gmt":"2021-05-07T18:50:47","guid":{"rendered":"http:\/\/pacs.org.br\/mulheresterritoriosdeluta\/?post_type=debate&#038;p=112"},"modified":"2021-05-07T15:50:33","modified_gmt":"2021-05-07T18:50:33","slug":"militarizacao-da-vida-e-as-resistencias-das-mulheres","status":"publish","type":"debate","link":"http:\/\/pacs.org.br\/mulheresterritoriosdeluta\/debate\/militarizacao-da-vida-e-as-resistencias-das-mulheres\/","title":{"rendered":"Militariza\u00e7\u00e3o da vida e as resist\u00eancias das mulheres"},"content":{"rendered":"\n<figure class=\"wp-block-embed is-type-video is-provider-youtube wp-block-embed-youtube wp-embed-aspect-16-9 wp-has-aspect-ratio\"><div class=\"wp-block-embed__wrapper\">\n<iframe loading=\"lazy\" title=\"#MulheresTerrit\u00f3riosdeLuta 5 - Militariza\u00e7\u00e3o da Vida\" width=\"500\" height=\"281\" src=\"https:\/\/www.youtube.com\/embed\/AnKXs13rJhk?feature=oembed\" frameborder=\"0\" allow=\"accelerometer; autoplay; clipboard-write; encrypted-media; gyroscope; picture-in-picture; web-share\" referrerpolicy=\"strict-origin-when-cross-origin\" allowfullscreen><\/iframe>\n<\/div><figcaption>Com o tema <strong>\u201cMilitariza\u00e7\u00e3o da Vida e as resist\u00eancias das mulheres\u201d<\/strong>, o 5\u00ba <strong>Ciclo de Debates\u00a0#MulheresTerrit\u00f3riosdeLuta<\/strong>\u00a0trouxe a pauta da militariza\u00e7\u00e3o como uma das faces dos megaprojetos de desenvolvimento a partir do olhar das mulheres e territ\u00f3rios.<\/figcaption><\/figure>\n\n\n\n<p><\/p>\n","protected":false},"excerpt":{"rendered":"","protected":false},"featured_media":113,"template":"","class_list":["post-112","debate","type-debate","status-publish","has-post-thumbnail","hentry"],"_links":{"self":[{"href":"http:\/\/pacs.org.br\/mulheresterritoriosdeluta\/wp-json\/wp\/v2\/debate\/112","targetHints":{"allow":["GET"]}}],"collection":[{"href":"http:\/\/pacs.org.br\/mulheresterritoriosdeluta\/wp-json\/wp\/v2\/debate"}],"about":[{"href":"http:\/\/pacs.org.br\/mulheresterritoriosdeluta\/wp-json\/wp\/v2\/types\/debate"}],"version-history":[{"count":1,"href":"http:\/\/pacs.org.br\/mulheresterritoriosdeluta\/wp-json\/wp\/v2\/debate\/112\/revisions"}],"predecessor-version":[{"id":114,"href":"http:\/\/pacs.org.br\/mulheresterritoriosdeluta\/wp-json\/wp\/v2\/debate\/112\/revisions\/114"}],"wp:featuredmedia":[{"embeddable":true,"href":"http:\/\/pacs.org.br\/mulheresterritoriosdeluta\/wp-json\/wp\/v2\/media\/113"}],"wp:attachment":[{"href":"http:\/\/pacs.org.br\/mulheresterritoriosdeluta\/wp-json\/wp\/v2\/media?parent=112"}],"curies":[{"name":"wp","href":"https:\/\/api.w.org\/{rel}","templated":true}]}}

Militarização da vida e as resistências das mulheres

<figure class="wp-block-embed is-type-video is-provider-youtube wp-block-embed-youtube wp-embed-aspect-16-9 wp-has-aspect-ratio"><div class="wp-block-embed__wrapper">
<iframe loading="lazy" title="#MulheresTerritóriosdeLuta 5 - Militarização da Vida" width="500" height="281" src="https://www.youtube.com/embed/AnKXs13rJhk?feature=oembed" frameborder="0" allow="accelerometer; autoplay; clipboard-write; encrypted-media; gyroscope; picture-in-picture; web-share" referrerpolicy="strict-origin-when-cross-origin" allowfullscreen></iframe>
</div><figcaption>Com o tema <strong>“Militarização da Vida e as resistências das mulheres”</strong>, o 5º <strong>Ciclo de Debates #MulheresTerritóriosdeLuta</strong> trouxe a pauta da militarização como uma das faces dos megaprojetos de desenvolvimento a partir do olhar das mulheres e territórios.</figcaption></figure>



<p></p>
