{"id":230,"date":"2021-08-03T00:00:00","date_gmt":"2021-08-03T00:00:00","guid":{"rendered":"http:\/\/pacs.org.br\/novo-marcos-arruda\/publicacao\/puede-la-economia-cenicienta-convertise-en-verde\/"},"modified":"2022-10-13T14:08:56","modified_gmt":"2022-10-13T14:08:56","slug":"puede-la-economia-cenicienta-convertise-en-verde","status":"publish","type":"artigo","link":"https:\/\/pacs.org.br\/marcosarruda\/artigo\/puede-la-economia-cenicienta-convertise-en-verde\/","title":{"rendered":"\u00bfPuede la econom\u00eda cenicienta convertise en verde?"},"content":{"rendered":"\n<p>&#8220;Este hecho indica la importancia de que la Cumbre Oficial de la R\u00edo+20 haga una evaluaci\u00f3n cr\u00edtica de los resultados pr\u00e1cticos de 20 a\u00f1os de conferencias y acuerdos internacionales, para identificar los avances, los retrocesos y las \u00e1reas estancadas, para detectar las causas y definir las estrategias de acci\u00f3n, las metas y las formas de tornarlas vinculantes. Nada de eso. Los oficialistas (ONU, gobiernos del mundo rico, corporaciones transnacionales) decidieron cancelar este rubro del programa de la Cumbre Oficial, dejando otros dos: Econom\u00eda Verde y un nuevo \u00f3rgano de gobernanza ambiental en la ONU.<\/p>\n\n\n\n<p>[&#8230;]&#8221;<\/p>\n\n\n\n<div class=\"wp-block-file\"><a id=\"wp-block-file--media-1fc2d02f-1311-494e-8f4a-cf8dbab6d3cd\" href=\"http:\/\/pacs.org.br\/wp-content\/uploads\/2021\/08\/PUB_MA-SQ_2012_001.pdf\">Confira o artigo na \u00edntegra:<\/a><a href=\"http:\/\/pacs.org.br\/wp-content\/uploads\/2021\/08\/PUB_MA-SQ_2012_001.pdf\" class=\"wp-block-file__button\" download aria-describedby=\"wp-block-file--media-1fc2d02f-1311-494e-8f4a-cf8dbab6d3cd\">Baixar<\/a><\/div>\n","protected":false},"excerpt":{"rendered":"<p>&#8220;Este hecho indica la importancia de que la Cumbre Oficial de la R\u00edo+20 haga una evaluaci\u00f3n cr\u00edtica de los resultados pr\u00e1cticos de 20 a\u00f1os de conferencias y acuerdos internacionales, para identificar los avances, los retrocesos y las \u00e1reas estancadas, para detectar las causas y definir las estrategias de acci\u00f3n, las metas y las formas de [&hellip;]<\/p>\n","protected":false},"featured_media":415,"template":"","class_list":["post-230","artigo","type-artigo","status-publish","has-post-thumbnail","hentry"],"_links":{"self":[{"href":"https:\/\/pacs.org.br\/marcosarruda\/wp-json\/wp\/v2\/artigo\/230","targetHints":{"allow":["GET"]}}],"collection":[{"href":"https:\/\/pacs.org.br\/marcosarruda\/wp-json\/wp\/v2\/artigo"}],"about":[{"href":"https:\/\/pacs.org.br\/marcosarruda\/wp-json\/wp\/v2\/types\/artigo"}],"version-history":[{"count":2,"href":"https:\/\/pacs.org.br\/marcosarruda\/wp-json\/wp\/v2\/artigo\/230\/revisions"}],"predecessor-version":[{"id":433,"href":"https:\/\/pacs.org.br\/marcosarruda\/wp-json\/wp\/v2\/artigo\/230\/revisions\/433"}],"wp:featuredmedia":[{"embeddable":true,"href":"https:\/\/pacs.org.br\/marcosarruda\/wp-json\/wp\/v2\/media\/415"}],"wp:attachment":[{"href":"https:\/\/pacs.org.br\/marcosarruda\/wp-json\/wp\/v2\/media?parent=230"}],"curies":[{"name":"wp","href":"https:\/\/api.w.org\/{rel}","templated":true}]}}

¿Puede la economía cenicienta convertise en verde?

<p>&#8220;Este hecho indica la importancia de que la Cumbre Oficial de la Río+20 haga una evaluación crítica de los resultados prácticos de 20 años de conferencias y acuerdos internacionales, para identificar los avances, los retrocesos y las áreas estancadas, para detectar las causas y definir las estrategias de acción, las metas y las formas de tornarlas vinculantes. Nada de eso. Los oficialistas (ONU, gobiernos del mundo rico, corporaciones transnacionales) decidieron cancelar este rubro del programa de la Cumbre Oficial, dejando otros dos: Economía Verde y un nuevo órgano de gobernanza ambiental en la ONU.</p>



<p>[&#8230;]&#8221;</p>



<div class="wp-block-file"><a id="wp-block-file--media-1fc2d02f-1311-494e-8f4a-cf8dbab6d3cd" href="http://pacs.org.br/wp-content/uploads/2021/08/PUB_MA-SQ_2012_001.pdf">Confira o artigo na íntegra:</a><a href="http://pacs.org.br/wp-content/uploads/2021/08/PUB_MA-SQ_2012_001.pdf" class="wp-block-file__button" download aria-describedby="wp-block-file--media-1fc2d02f-1311-494e-8f4a-cf8dbab6d3cd">Baixar</a></div>

<p>&#8220;Este hecho indica la importancia de que la Cumbre Oficial de la Río+20 haga una evaluación crítica de los resultados prácticos de 20 años de conferencias y acuerdos internacionales, para identificar los avances, los retrocesos y las áreas estancadas, para detectar las causas y definir las estrategias de acción, las metas y las formas de [&hellip;]</p>
