{"id":233,"date":"2021-08-03T00:00:00","date_gmt":"2021-08-03T00:00:00","guid":{"rendered":"http:\/\/pacs.org.br\/novo-marcos-arruda\/publicacao\/desafios-politicos-do-acordo-climatico-de-paris\/"},"modified":"2022-10-13T14:07:17","modified_gmt":"2022-10-13T14:07:17","slug":"desafios-politicos-do-acordo-climatico-de-paris","status":"publish","type":"artigo","link":"https:\/\/pacs.org.br\/marcosarruda\/artigo\/desafios-politicos-do-acordo-climatico-de-paris\/","title":{"rendered":"Desafios pol\u00edticos do acordo clim\u00e1tico de Paris"},"content":{"rendered":"\n<p>&#8220;A Confer\u00eancia das Partes sobre Mudan\u00e7a Clim\u00e1tica, realizada em Paris \u2013 a<br>COP21, em dezembro de 2016, teve o car\u00e1ter de um marco hist\u00f3rico. Ela promoveu uma converg\u00eancia em torno de um horizonte comum desej\u00e1vel. E tamb\u00e9m incontorn\u00e1vel, se considerarmos a Terra como Casa Comum da humanidade e de todas as formas de vida que conhecemos. Ao mesmo tempo, o Acordo de Paris tem um tom alarmante por uma raz\u00e3o nada apraz\u00edvel. Se n\u00e3o sa\u00edsse um acordo abrangente, jur\u00eddica e moralmente compuls\u00f3rio, capaz de deter o crescimento das emiss\u00f5es de gases-estufa na atmosfera do planeta, as tend\u00eancias prov\u00e1veis se afiguram desastrosas para a humanidade e a vida no planeta.<\/p>\n\n\n\n<p>[&#8230;]&#8221;<\/p>\n\n\n\n<div class=\"wp-block-file\"><a id=\"wp-block-file--media-74fa9b8d-00b5-467c-9830-f21a8bbe4ea5\" href=\"http:\/\/pacs.org.br\/wp-content\/uploads\/2021\/08\/PUB_MA_2016_002.pdf\">PUB_MA_2016_002<\/a><a href=\"http:\/\/pacs.org.br\/wp-content\/uploads\/2021\/08\/PUB_MA_2016_002.pdf\" class=\"wp-block-file__button\" download aria-describedby=\"wp-block-file--media-74fa9b8d-00b5-467c-9830-f21a8bbe4ea5\">Baixar<\/a><\/div>\n","protected":false},"excerpt":{"rendered":"<p>&#8220;A Confer\u00eancia das Partes sobre Mudan\u00e7a Clim\u00e1tica, realizada em Paris \u2013 aCOP21, em dezembro de 2016, teve o car\u00e1ter de um marco hist\u00f3rico. Ela promoveu uma converg\u00eancia em torno de um horizonte comum desej\u00e1vel. E tamb\u00e9m incontorn\u00e1vel, se considerarmos a Terra como Casa Comum da humanidade e de todas as formas de vida que conhecemos. [&hellip;]<\/p>\n","protected":false},"featured_media":415,"template":"","class_list":["post-233","artigo","type-artigo","status-publish","has-post-thumbnail","hentry"],"_links":{"self":[{"href":"https:\/\/pacs.org.br\/marcosarruda\/wp-json\/wp\/v2\/artigo\/233","targetHints":{"allow":["GET"]}}],"collection":[{"href":"https:\/\/pacs.org.br\/marcosarruda\/wp-json\/wp\/v2\/artigo"}],"about":[{"href":"https:\/\/pacs.org.br\/marcosarruda\/wp-json\/wp\/v2\/types\/artigo"}],"version-history":[{"count":2,"href":"https:\/\/pacs.org.br\/marcosarruda\/wp-json\/wp\/v2\/artigo\/233\/revisions"}],"predecessor-version":[{"id":432,"href":"https:\/\/pacs.org.br\/marcosarruda\/wp-json\/wp\/v2\/artigo\/233\/revisions\/432"}],"wp:featuredmedia":[{"embeddable":true,"href":"https:\/\/pacs.org.br\/marcosarruda\/wp-json\/wp\/v2\/media\/415"}],"wp:attachment":[{"href":"https:\/\/pacs.org.br\/marcosarruda\/wp-json\/wp\/v2\/media?parent=233"}],"curies":[{"name":"wp","href":"https:\/\/api.w.org\/{rel}","templated":true}]}}

Desafios políticos do acordo climático de Paris

<p>&#8220;A Conferência das Partes sobre Mudança Climática, realizada em Paris – a<br>COP21, em dezembro de 2016, teve o caráter de um marco histórico. Ela promoveu uma convergência em torno de um horizonte comum desejável. E também incontornável, se considerarmos a Terra como Casa Comum da humanidade e de todas as formas de vida que conhecemos. Ao mesmo tempo, o Acordo de Paris tem um tom alarmante por uma razão nada aprazível. Se não saísse um acordo abrangente, jurídica e moralmente compulsório, capaz de deter o crescimento das emissões de gases-estufa na atmosfera do planeta, as tendências prováveis se afiguram desastrosas para a humanidade e a vida no planeta.</p>



<p>[&#8230;]&#8221;</p>



<div class="wp-block-file"><a id="wp-block-file--media-74fa9b8d-00b5-467c-9830-f21a8bbe4ea5" href="http://pacs.org.br/wp-content/uploads/2021/08/PUB_MA_2016_002.pdf">PUB_MA_2016_002</a><a href="http://pacs.org.br/wp-content/uploads/2021/08/PUB_MA_2016_002.pdf" class="wp-block-file__button" download aria-describedby="wp-block-file--media-74fa9b8d-00b5-467c-9830-f21a8bbe4ea5">Baixar</a></div>

<p>&#8220;A Conferência das Partes sobre Mudança Climática, realizada em Paris – aCOP21, em dezembro de 2016, teve o caráter de um marco histórico. Ela promoveu uma convergência em torno de um horizonte comum desejável. E também incontornável, se considerarmos a Terra como Casa Comum da humanidade e de todas as formas de vida que conhecemos. [&hellip;]</p>
