{"id":273,"date":"2022-01-21T00:00:00","date_gmt":"2022-01-21T00:00:00","guid":{"rendered":"http:\/\/pacs.org.br\/novo-marcos-arruda\/massa-critica\/festa-da-democracia-na-grecia-a-luta-continua\/"},"modified":"2022-10-13T15:19:42","modified_gmt":"2022-10-13T15:19:42","slug":"festa-da-democracia-na-grecia-a-luta-continua","status":"publish","type":"massa-critica","link":"https:\/\/pacs.org.br\/marcosarruda\/massa-critica\/festa-da-democracia-na-grecia-a-luta-continua\/","title":{"rendered":"Festa da democracia na Gr\u00e9cia! A luta continua!"},"content":{"rendered":"\n<p>61,3% de votos N\u00c3O, eis o resultado do referendo grego. Vit\u00f3ria da democracia direta, vit\u00f3ria do povo contra a tirania dos credores externos e das classes ricas da Gr\u00e9cia. \u00c9 preciso relembrar. Em 1953, a Grecia assinou o acordo que reduzia em 50% a d\u00edvida alem\u00e3 do p\u00f3s-Guerra e permitia \u00e0 Alemanha pagar anualmente at\u00e9 3% do valor das suas exporta\u00e7\u00f5es! Hoje, a mesma Alemanha quer &#8216;arrancar os olhos&#8217; do povo grego, com uma demanda de pagamento imediato de d\u00edvidas impag\u00e1veis, algumas delas ilegais, conforme descobriu a comiss\u00e3o de auditoria da d\u00edvida p\u00fablica grega.<\/p>\n\n\n\n<p>[&#8230;]&#8221;<\/p>\n\n\n\n<div class=\"wp-block-file\"><a id=\"wp-block-file--media-97e0b0ab-1a44-4a69-a529-568981ec1266\" href=\"http:\/\/pacs.org.br\/wp-content\/uploads\/2022\/01\/PUB_PACS_2015_003.pdf\">Baixe aqui<\/a><a href=\"http:\/\/pacs.org.br\/wp-content\/uploads\/2022\/01\/PUB_PACS_2015_003.pdf\" class=\"wp-block-file__button\" download aria-describedby=\"wp-block-file--media-97e0b0ab-1a44-4a69-a529-568981ec1266\">Baixar<\/a><\/div>\n","protected":false},"excerpt":{"rendered":"<p>61,3% de votos N\u00c3O, eis o resultado do referendo grego. Vit\u00f3ria da democracia direta, vit\u00f3ria do povo contra a tirania dos credores externos e das classes ricas da Gr\u00e9cia. \u00c9 preciso relembrar. Em 1953, a Grecia assinou o acordo que reduzia em 50% a d\u00edvida alem\u00e3 do p\u00f3s-Guerra e permitia \u00e0 Alemanha pagar anualmente at\u00e9 [&hellip;]<\/p>\n","protected":false},"featured_media":415,"template":"","class_list":["post-273","massa-critica","type-massa-critica","status-publish","has-post-thumbnail","hentry"],"_links":{"self":[{"href":"https:\/\/pacs.org.br\/marcosarruda\/wp-json\/wp\/v2\/massa-critica\/273","targetHints":{"allow":["GET"]}}],"collection":[{"href":"https:\/\/pacs.org.br\/marcosarruda\/wp-json\/wp\/v2\/massa-critica"}],"about":[{"href":"https:\/\/pacs.org.br\/marcosarruda\/wp-json\/wp\/v2\/types\/massa-critica"}],"version-history":[{"count":1,"href":"https:\/\/pacs.org.br\/marcosarruda\/wp-json\/wp\/v2\/massa-critica\/273\/revisions"}],"predecessor-version":[{"id":467,"href":"https:\/\/pacs.org.br\/marcosarruda\/wp-json\/wp\/v2\/massa-critica\/273\/revisions\/467"}],"wp:featuredmedia":[{"embeddable":true,"href":"https:\/\/pacs.org.br\/marcosarruda\/wp-json\/wp\/v2\/media\/415"}],"wp:attachment":[{"href":"https:\/\/pacs.org.br\/marcosarruda\/wp-json\/wp\/v2\/media?parent=273"}],"curies":[{"name":"wp","href":"https:\/\/api.w.org\/{rel}","templated":true}]}}

Festa da democracia na Grécia! A luta continua!

<p>61,3% de votos NÃO, eis o resultado do referendo grego. Vitória da democracia direta, vitória do povo contra a tirania dos credores externos e das classes ricas da Grécia. É preciso relembrar. Em 1953, a Grecia assinou o acordo que reduzia em 50% a dívida alemã do pós-Guerra e permitia à Alemanha pagar anualmente até 3% do valor das suas exportações! Hoje, a mesma Alemanha quer &#8216;arrancar os olhos&#8217; do povo grego, com uma demanda de pagamento imediato de dívidas impagáveis, algumas delas ilegais, conforme descobriu a comissão de auditoria da dívida pública grega.</p>



<p>[&#8230;]&#8221;</p>



<div class="wp-block-file"><a id="wp-block-file--media-97e0b0ab-1a44-4a69-a529-568981ec1266" href="http://pacs.org.br/wp-content/uploads/2022/01/PUB_PACS_2015_003.pdf">Baixe aqui</a><a href="http://pacs.org.br/wp-content/uploads/2022/01/PUB_PACS_2015_003.pdf" class="wp-block-file__button" download aria-describedby="wp-block-file--media-97e0b0ab-1a44-4a69-a529-568981ec1266">Baixar</a></div>

<p>61,3% de votos NÃO, eis o resultado do referendo grego. Vitória da democracia direta, vitória do povo contra a tirania dos credores externos e das classes ricas da Grécia. É preciso relembrar. Em 1953, a Grecia assinou o acordo que reduzia em 50% a dívida alemã do pós-Guerra e permitia à Alemanha pagar anualmente até [&hellip;]</p>
