{"id":291,"date":"2022-01-21T00:00:00","date_gmt":"2022-01-21T00:00:00","guid":{"rendered":"http:\/\/pacs.org.br\/novo-marcos-arruda\/massa-critica\/nota-sobre-a-polemica-em-torno-da-democracia-integral-e-da-ditadura-do-proletariado\/"},"modified":"2022-10-13T15:14:16","modified_gmt":"2022-10-13T15:14:16","slug":"nota-sobre-a-polemica-em-torno-da-democracia-integral-e-da-ditadura-do-proletariado","status":"publish","type":"massa-critica","link":"https:\/\/pacs.org.br\/marcosarruda\/massa-critica\/nota-sobre-a-polemica-em-torno-da-democracia-integral-e-da-ditadura-do-proletariado\/","title":{"rendered":"Nota sobre a pol\u00eamica em torno da democracia integral e da ditadura do proletariado"},"content":{"rendered":"\n<p>&#8220;A vis\u00e3o marxiana de democracia, ou de Rep\u00fablica Democr\u00e1tica, \u00e9 essencial para a compreens\u00e3o do que Marx qualificou como \u2018ditadura do proletariado\u2019. O conceito de \u2018ditadura do proletariado\u2019 n\u00e3o pode ser extra\u00eddo do seu contexto hist\u00f3rico nem do seu sentido profundo, sob pena de aparecer distorcido e desfigurado, traindo a inten\u00e7\u00e3o do seu autor. Rep\u00fablica Democr\u00e1tica e \u2018ditadura do proletariado\u2019 s\u00e3o duas faces da mesma moeda.<\/p>\n\n\n\n<p>[&#8230;]&#8221;<\/p>\n\n\n\n<div class=\"wp-block-file\"><a id=\"wp-block-file--media-d0e0d140-7831-408f-96eb-2c1006d58c14\" href=\"http:\/\/pacs.org.br\/wp-content\/uploads\/2022\/01\/PUB_PACS_2008_010.pdf\">Baixe aqui<\/a><a href=\"http:\/\/pacs.org.br\/wp-content\/uploads\/2022\/01\/PUB_PACS_2008_010.pdf\" class=\"wp-block-file__button\" download aria-describedby=\"wp-block-file--media-d0e0d140-7831-408f-96eb-2c1006d58c14\">Baixar<\/a><\/div>\n","protected":false},"excerpt":{"rendered":"<p>&#8220;A vis\u00e3o marxiana de democracia, ou de Rep\u00fablica Democr\u00e1tica, \u00e9 essencial para a compreens\u00e3o do que Marx qualificou como \u2018ditadura do proletariado\u2019. O conceito de \u2018ditadura do proletariado\u2019 n\u00e3o pode ser extra\u00eddo do seu contexto hist\u00f3rico nem do seu sentido profundo, sob pena de aparecer distorcido e desfigurado, traindo a inten\u00e7\u00e3o do seu autor. Rep\u00fablica [&hellip;]<\/p>\n","protected":false},"featured_media":415,"template":"","class_list":["post-291","massa-critica","type-massa-critica","status-publish","has-post-thumbnail","hentry"],"_links":{"self":[{"href":"https:\/\/pacs.org.br\/marcosarruda\/wp-json\/wp\/v2\/massa-critica\/291","targetHints":{"allow":["GET"]}}],"collection":[{"href":"https:\/\/pacs.org.br\/marcosarruda\/wp-json\/wp\/v2\/massa-critica"}],"about":[{"href":"https:\/\/pacs.org.br\/marcosarruda\/wp-json\/wp\/v2\/types\/massa-critica"}],"version-history":[{"count":1,"href":"https:\/\/pacs.org.br\/marcosarruda\/wp-json\/wp\/v2\/massa-critica\/291\/revisions"}],"predecessor-version":[{"id":460,"href":"https:\/\/pacs.org.br\/marcosarruda\/wp-json\/wp\/v2\/massa-critica\/291\/revisions\/460"}],"wp:featuredmedia":[{"embeddable":true,"href":"https:\/\/pacs.org.br\/marcosarruda\/wp-json\/wp\/v2\/media\/415"}],"wp:attachment":[{"href":"https:\/\/pacs.org.br\/marcosarruda\/wp-json\/wp\/v2\/media?parent=291"}],"curies":[{"name":"wp","href":"https:\/\/api.w.org\/{rel}","templated":true}]}}

Nota sobre a polêmica em torno da democracia integral e da ditadura do proletariado

<p>&#8220;A visão marxiana de democracia, ou de República Democrática, é essencial para a compreensão do que Marx qualificou como ‘ditadura do proletariado’. O conceito de ‘ditadura do proletariado’ não pode ser extraído do seu contexto histórico nem do seu sentido profundo, sob pena de aparecer distorcido e desfigurado, traindo a intenção do seu autor. República Democrática e ‘ditadura do proletariado’ são duas faces da mesma moeda.</p>



<p>[&#8230;]&#8221;</p>



<div class="wp-block-file"><a id="wp-block-file--media-d0e0d140-7831-408f-96eb-2c1006d58c14" href="http://pacs.org.br/wp-content/uploads/2022/01/PUB_PACS_2008_010.pdf">Baixe aqui</a><a href="http://pacs.org.br/wp-content/uploads/2022/01/PUB_PACS_2008_010.pdf" class="wp-block-file__button" download aria-describedby="wp-block-file--media-d0e0d140-7831-408f-96eb-2c1006d58c14">Baixar</a></div>

<p>&#8220;A visão marxiana de democracia, ou de República Democrática, é essencial para a compreensão do que Marx qualificou como ‘ditadura do proletariado’. O conceito de ‘ditadura do proletariado’ não pode ser extraído do seu contexto histórico nem do seu sentido profundo, sob pena de aparecer distorcido e desfigurado, traindo a intenção do seu autor. República [&hellip;]</p>
