{"id":303,"date":"2022-01-21T00:00:00","date_gmt":"2022-01-21T00:00:00","guid":{"rendered":"http:\/\/pacs.org.br\/novo-marcos-arruda\/massa-critica\/venezuela-bolivia-equador-quem-tem-medo-da-democracia\/"},"modified":"2022-10-13T15:08:05","modified_gmt":"2022-10-13T15:08:05","slug":"venezuela-bolivia-equador-quem-tem-medo-da-democracia","status":"publish","type":"massa-critica","link":"https:\/\/pacs.org.br\/marcosarruda\/massa-critica\/venezuela-bolivia-equador-quem-tem-medo-da-democracia\/","title":{"rendered":"Venezuela, Bol\u00edvia, Equador: quem tem medo da democracia?"},"content":{"rendered":"\n<p>&#8220;Protoditador? Este \u00e9 o linguajar das elites globais, que n\u00e3o toleram a possibilidade de um pa\u00eds incluir na sua Constitui\u00e7\u00e3o Nacional o demonizado termo Poder Popular. Mas, traduzamos este nome para o grego cl\u00e1ssico, e teremos a palavra t\u00e3o familiar quanto desvirtuada: DEMOCRACIA! \u00c0 diferen\u00e7a da Venezuela, Bol\u00edvia e Equador de hoje, a Gr\u00e9cia antiga considerava \u201cdemos\u201d apenas os homens n\u00e3o trabalhadores, deixando de fora as mulheres e a classe escrava. O \u201cdemos\u201d de hoje s\u00e3o os explorados e os exclu\u00eddos, homens, mulheres e jovens que vivem do seu trabalho e n\u00e3o de rendas do capital. Quem tem medo de inclu\u00ed-los no conceito moderno de Democracia?<\/p>\n\n\n\n<p>[&#8230;]&#8221;<\/p>\n\n\n\n<div class=\"wp-block-file\"><a id=\"wp-block-file--media-2cd6b3c3-c107-4faf-a8aa-222112553965\" href=\"http:\/\/pacs.org.br\/wp-content\/uploads\/2022\/01\/PUB_PACS_2007_009.pdf\">Baixe aqui<\/a><a href=\"http:\/\/pacs.org.br\/wp-content\/uploads\/2022\/01\/PUB_PACS_2007_009.pdf\" class=\"wp-block-file__button\" download aria-describedby=\"wp-block-file--media-2cd6b3c3-c107-4faf-a8aa-222112553965\">Baixar<\/a><\/div>\n","protected":false},"excerpt":{"rendered":"<p>&#8220;Protoditador? Este \u00e9 o linguajar das elites globais, que n\u00e3o toleram a possibilidade de um pa\u00eds incluir na sua Constitui\u00e7\u00e3o Nacional o demonizado termo Poder Popular. Mas, traduzamos este nome para o grego cl\u00e1ssico, e teremos a palavra t\u00e3o familiar quanto desvirtuada: DEMOCRACIA! \u00c0 diferen\u00e7a da Venezuela, Bol\u00edvia e Equador de hoje, a Gr\u00e9cia antiga [&hellip;]<\/p>\n","protected":false},"featured_media":415,"template":"","class_list":["post-303","massa-critica","type-massa-critica","status-publish","has-post-thumbnail","hentry"],"_links":{"self":[{"href":"https:\/\/pacs.org.br\/marcosarruda\/wp-json\/wp\/v2\/massa-critica\/303","targetHints":{"allow":["GET"]}}],"collection":[{"href":"https:\/\/pacs.org.br\/marcosarruda\/wp-json\/wp\/v2\/massa-critica"}],"about":[{"href":"https:\/\/pacs.org.br\/marcosarruda\/wp-json\/wp\/v2\/types\/massa-critica"}],"version-history":[{"count":1,"href":"https:\/\/pacs.org.br\/marcosarruda\/wp-json\/wp\/v2\/massa-critica\/303\/revisions"}],"predecessor-version":[{"id":456,"href":"https:\/\/pacs.org.br\/marcosarruda\/wp-json\/wp\/v2\/massa-critica\/303\/revisions\/456"}],"wp:featuredmedia":[{"embeddable":true,"href":"https:\/\/pacs.org.br\/marcosarruda\/wp-json\/wp\/v2\/media\/415"}],"wp:attachment":[{"href":"https:\/\/pacs.org.br\/marcosarruda\/wp-json\/wp\/v2\/media?parent=303"}],"curies":[{"name":"wp","href":"https:\/\/api.w.org\/{rel}","templated":true}]}}

Venezuela, Bolívia, Equador: quem tem medo da democracia?

<p>&#8220;Protoditador? Este é o linguajar das elites globais, que não toleram a possibilidade de um país incluir na sua Constituição Nacional o demonizado termo Poder Popular. Mas, traduzamos este nome para o grego clássico, e teremos a palavra tão familiar quanto desvirtuada: DEMOCRACIA! À diferença da Venezuela, Bolívia e Equador de hoje, a Grécia antiga considerava “demos” apenas os homens não trabalhadores, deixando de fora as mulheres e a classe escrava. O “demos” de hoje são os explorados e os excluídos, homens, mulheres e jovens que vivem do seu trabalho e não de rendas do capital. Quem tem medo de incluí-los no conceito moderno de Democracia?</p>



<p>[&#8230;]&#8221;</p>



<div class="wp-block-file"><a id="wp-block-file--media-2cd6b3c3-c107-4faf-a8aa-222112553965" href="http://pacs.org.br/wp-content/uploads/2022/01/PUB_PACS_2007_009.pdf">Baixe aqui</a><a href="http://pacs.org.br/wp-content/uploads/2022/01/PUB_PACS_2007_009.pdf" class="wp-block-file__button" download aria-describedby="wp-block-file--media-2cd6b3c3-c107-4faf-a8aa-222112553965">Baixar</a></div>

<p>&#8220;Protoditador? Este é o linguajar das elites globais, que não toleram a possibilidade de um país incluir na sua Constituição Nacional o demonizado termo Poder Popular. Mas, traduzamos este nome para o grego clássico, e teremos a palavra tão familiar quanto desvirtuada: DEMOCRACIA! À diferença da Venezuela, Bolívia e Equador de hoje, a Grécia antiga [&hellip;]</p>
