{"id":312,"date":"2022-01-21T00:00:00","date_gmt":"2022-01-21T00:00:00","guid":{"rendered":"http:\/\/pacs.org.br\/novo-marcos-arruda\/massa-critica\/aurora-de-uma-venezuela-inovadora\/"},"modified":"2022-10-13T14:57:47","modified_gmt":"2022-10-13T14:57:47","slug":"aurora-de-uma-venezuela-inovadora","status":"publish","type":"massa-critica","link":"https:\/\/pacs.org.br\/marcosarruda\/massa-critica\/aurora-de-uma-venezuela-inovadora\/","title":{"rendered":"Aurora de uma Venezuela inovadora"},"content":{"rendered":"\n<p>&#8220;O processo de transforma\u00e7\u00e3o que vive a Venezuela \u00e9, como qualquer processo hist\u00f3rico, carregado de contradi\u00e7\u00f5es e conflitos entre as classes sociais. H\u00e1 conflitos entre capital e trabalho, entre governantes e empresas, entre governantes e sociedade civil organizada, e tamb\u00e9m no interior desta. E h\u00e1 empresas estrangeiras que n\u00e3o se conformam com a defesa da soberania e dos interesses nacionais pelo Governo Ch\u00e1vez\u2026 em tempos de globaliza\u00e7\u00e3o. Mas, ao final de uma visita de trabalho \u00e0 Venezuela, parto de volta ao Brasil com a convic\u00e7\u00e3o de que na Venezuela prevalece a cria\u00e7\u00e3o de algo novo e ainda n\u00e3o visto na hist\u00f3ria da Am\u00e9rica Latina e, talvez, do mundo.<\/p>\n\n\n\n<p>[&#8230;]&#8221;<\/p>\n\n\n\n<div class=\"wp-block-file\"><a id=\"wp-block-file--media-45ec4992-01f7-4c8f-94eb-07c66828ceef\" href=\"http:\/\/pacs.org.br\/wp-content\/uploads\/2022\/01\/PUB_PACS_2007_003.pdf\">Baixe aqui<\/a><a href=\"http:\/\/pacs.org.br\/wp-content\/uploads\/2022\/01\/PUB_PACS_2007_003.pdf\" class=\"wp-block-file__button\" download aria-describedby=\"wp-block-file--media-45ec4992-01f7-4c8f-94eb-07c66828ceef\">Baixar<\/a><\/div>\n","protected":false},"excerpt":{"rendered":"<p>&#8220;O processo de transforma\u00e7\u00e3o que vive a Venezuela \u00e9, como qualquer processo hist\u00f3rico, carregado de contradi\u00e7\u00f5es e conflitos entre as classes sociais. H\u00e1 conflitos entre capital e trabalho, entre governantes e empresas, entre governantes e sociedade civil organizada, e tamb\u00e9m no interior desta. E h\u00e1 empresas estrangeiras que n\u00e3o se conformam com a defesa da [&hellip;]<\/p>\n","protected":false},"featured_media":415,"template":"","class_list":["post-312","massa-critica","type-massa-critica","status-publish","has-post-thumbnail","hentry"],"_links":{"self":[{"href":"https:\/\/pacs.org.br\/marcosarruda\/wp-json\/wp\/v2\/massa-critica\/312","targetHints":{"allow":["GET"]}}],"collection":[{"href":"https:\/\/pacs.org.br\/marcosarruda\/wp-json\/wp\/v2\/massa-critica"}],"about":[{"href":"https:\/\/pacs.org.br\/marcosarruda\/wp-json\/wp\/v2\/types\/massa-critica"}],"version-history":[{"count":1,"href":"https:\/\/pacs.org.br\/marcosarruda\/wp-json\/wp\/v2\/massa-critica\/312\/revisions"}],"predecessor-version":[{"id":453,"href":"https:\/\/pacs.org.br\/marcosarruda\/wp-json\/wp\/v2\/massa-critica\/312\/revisions\/453"}],"wp:featuredmedia":[{"embeddable":true,"href":"https:\/\/pacs.org.br\/marcosarruda\/wp-json\/wp\/v2\/media\/415"}],"wp:attachment":[{"href":"https:\/\/pacs.org.br\/marcosarruda\/wp-json\/wp\/v2\/media?parent=312"}],"curies":[{"name":"wp","href":"https:\/\/api.w.org\/{rel}","templated":true}]}}

<p>&#8220;O processo de transformação que vive a Venezuela é, como qualquer processo histórico, carregado de contradições e conflitos entre as classes sociais. Há conflitos entre capital e trabalho, entre governantes e empresas, entre governantes e sociedade civil organizada, e também no interior desta. E há empresas estrangeiras que não se conformam com a defesa da soberania e dos interesses nacionais pelo Governo Chávez… em tempos de globalização. Mas, ao final de uma visita de trabalho à Venezuela, parto de volta ao Brasil com a convicção de que na Venezuela prevalece a criação de algo novo e ainda não visto na história da América Latina e, talvez, do mundo.</p>



<p>[&#8230;]&#8221;</p>



<div class="wp-block-file"><a id="wp-block-file--media-45ec4992-01f7-4c8f-94eb-07c66828ceef" href="http://pacs.org.br/wp-content/uploads/2022/01/PUB_PACS_2007_003.pdf">Baixe aqui</a><a href="http://pacs.org.br/wp-content/uploads/2022/01/PUB_PACS_2007_003.pdf" class="wp-block-file__button" download aria-describedby="wp-block-file--media-45ec4992-01f7-4c8f-94eb-07c66828ceef">Baixar</a></div>

<p>&#8220;O processo de transformação que vive a Venezuela é, como qualquer processo histórico, carregado de contradições e conflitos entre as classes sociais. Há conflitos entre capital e trabalho, entre governantes e empresas, entre governantes e sociedade civil organizada, e também no interior desta. E há empresas estrangeiras que não se conformam com a defesa da [&hellip;]</p>
