{"id":315,"date":"2022-01-21T00:00:00","date_gmt":"2022-01-21T00:00:00","guid":{"rendered":"http:\/\/pacs.org.br\/novo-marcos-arruda\/massa-critica\/o-mundo-esta-em-jogo-na-eleicao-francesa\/"},"modified":"2022-10-13T14:56:20","modified_gmt":"2022-10-13T14:56:20","slug":"o-mundo-esta-em-jogo-na-eleicao-francesa","status":"publish","type":"massa-critica","link":"https:\/\/pacs.org.br\/marcosarruda\/massa-critica\/o-mundo-esta-em-jogo-na-eleicao-francesa\/","title":{"rendered":"O MUNDO EST\u00c1 EM JOGO NA ELEI\u00c7\u00c3O FRANCESA"},"content":{"rendered":"\n<p>&#8220;A elei\u00e7\u00e3o francesa sacode o planeta. Pois est\u00e1 em jogo um pouco do destino do mundo, e n\u00e3o somente da Fran\u00e7a, nos pr\u00f3ximos cinco anos. Conclu\u00eddo o primeiro turno, a popula\u00e7\u00e3o est\u00e1 inquieta, dividida entre passado e futuro.<\/p>\n\n\n\n<p>[&#8230;]&#8221;<\/p>\n\n\n\n<div class=\"wp-block-file\"><a id=\"wp-block-file--media-958da866-9e77-4c44-b77e-1d6f481afb6b\" href=\"http:\/\/pacs.org.br\/wp-content\/uploads\/2022\/01\/PUB_PACS_2007_002.pdf\">Baixe aqui<\/a><a href=\"http:\/\/pacs.org.br\/wp-content\/uploads\/2022\/01\/PUB_PACS_2007_002.pdf\" class=\"wp-block-file__button\" download aria-describedby=\"wp-block-file--media-958da866-9e77-4c44-b77e-1d6f481afb6b\">Baixar<\/a><\/div>\n","protected":false},"excerpt":{"rendered":"<p>&#8220;A elei\u00e7\u00e3o francesa sacode o planeta. Pois est\u00e1 em jogo um pouco do destino do mundo, e n\u00e3o somente da Fran\u00e7a, nos pr\u00f3ximos cinco anos. Conclu\u00eddo o primeiro turno, a popula\u00e7\u00e3o est\u00e1 inquieta, dividida entre passado e futuro. [&#8230;]&#8221;<\/p>\n","protected":false},"featured_media":415,"template":"","class_list":["post-315","massa-critica","type-massa-critica","status-publish","has-post-thumbnail","hentry"],"_links":{"self":[{"href":"https:\/\/pacs.org.br\/marcosarruda\/wp-json\/wp\/v2\/massa-critica\/315","targetHints":{"allow":["GET"]}}],"collection":[{"href":"https:\/\/pacs.org.br\/marcosarruda\/wp-json\/wp\/v2\/massa-critica"}],"about":[{"href":"https:\/\/pacs.org.br\/marcosarruda\/wp-json\/wp\/v2\/types\/massa-critica"}],"version-history":[{"count":1,"href":"https:\/\/pacs.org.br\/marcosarruda\/wp-json\/wp\/v2\/massa-critica\/315\/revisions"}],"predecessor-version":[{"id":452,"href":"https:\/\/pacs.org.br\/marcosarruda\/wp-json\/wp\/v2\/massa-critica\/315\/revisions\/452"}],"wp:featuredmedia":[{"embeddable":true,"href":"https:\/\/pacs.org.br\/marcosarruda\/wp-json\/wp\/v2\/media\/415"}],"wp:attachment":[{"href":"https:\/\/pacs.org.br\/marcosarruda\/wp-json\/wp\/v2\/media?parent=315"}],"curies":[{"name":"wp","href":"https:\/\/api.w.org\/{rel}","templated":true}]}}

O MUNDO ESTÁ EM JOGO NA ELEIÇÃO FRANCESA

<p>&#8220;A eleição francesa sacode o planeta. Pois está em jogo um pouco do destino do mundo, e não somente da França, nos próximos cinco anos. Concluído o primeiro turno, a população está inquieta, dividida entre passado e futuro.</p>



<p>[&#8230;]&#8221;</p>



<div class="wp-block-file"><a id="wp-block-file--media-958da866-9e77-4c44-b77e-1d6f481afb6b" href="http://pacs.org.br/wp-content/uploads/2022/01/PUB_PACS_2007_002.pdf">Baixe aqui</a><a href="http://pacs.org.br/wp-content/uploads/2022/01/PUB_PACS_2007_002.pdf" class="wp-block-file__button" download aria-describedby="wp-block-file--media-958da866-9e77-4c44-b77e-1d6f481afb6b">Baixar</a></div>

<p>&#8220;A eleição francesa sacode o planeta. Pois está em jogo um pouco do destino do mundo, e não somente da França, nos próximos cinco anos. Concluído o primeiro turno, a população está inquieta, dividida entre passado e futuro. [&#8230;]&#8221;</p>
