{"id":387,"date":"2022-01-21T00:00:00","date_gmt":"2022-01-21T00:00:00","guid":{"rendered":"http:\/\/pacs.org.br\/novo-marcos-arruda\/publicacao\/gestaoando-a-vida-experiencias-do-fazer-socioeconomia-solidaria\/"},"modified":"2022-10-13T14:52:51","modified_gmt":"2022-10-13T14:52:51","slug":"gestaoando-a-vida-experiencias-do-fazer-socioeconomia-solidaria","status":"publish","type":"publicacao","link":"https:\/\/pacs.org.br\/marcosarruda\/publicacao\/gestaoando-a-vida-experiencias-do-fazer-socioeconomia-solidaria\/","title":{"rendered":"Gest(\u00e3o)ando a Vida: Experi\u00eancias do fazer Socioeconomia Solid\u00e1ria"},"content":{"rendered":"\n<p>&#8220;O Curso de Gest\u00e3o e Viabilidade Econ\u00f4mica, uma iniciativa e realiza\u00e7\u00e3o do PACS, come\u00e7ou em 2006 como um projeto piloto baseado na experimenta\u00e7\u00e3o de novas metodologias de constru\u00e7\u00e3o de conhecimento, criado para colaborar com a gest\u00e3o e a viabilidade de empreendimentos populares nos setores de alimenta\u00e7\u00e3o, produ\u00e7\u00e3o, fitoterapia, artesanato e vestu\u00e1rio. A proposta tamb\u00e9m estava associada \u00e0 reflex\u00e3o dos t\u00e9cnicos e t\u00e9cnicas educadores do Curso sobre a necessidade de a Institui\u00e7\u00e3o focar seus trabalhos em um territ\u00f3rio espec\u00edfico.<\/p>\n\n\n\n<p>O PACS desenvolve atividades de articula\u00e7\u00e3o e forma\u00e7\u00e3o na Zona Oeste do munic\u00edpio do Rio de Janeiro, em parceria com outras institui\u00e7\u00f5es, desde 1997. No caso do Curso de Gest\u00e3o e Viabilidade Econ\u00f4mica, a institui\u00e7\u00e3o parceira \u00e9 a Capina \u2013 Coopera\u00e7\u00e3o e Apoio a Projetos de Inspira\u00e7\u00e3o Alternativa, com a qual troca experi\u00eancias desde o in\u00edcio do projeto.<\/p>\n\n\n\n<p>[&#8230;]<\/p>\n\n\n\n<div class=\"wp-block-file\"><a id=\"wp-block-file--media-1f27533f-11d2-48a5-be3d-55ed56dd6eee\" href=\"http:\/\/pacs.org.br\/wp-content\/uploads\/2022\/01\/PUB_PACS_2010_002.pdf\">Baixe aqui<\/a><a href=\"http:\/\/pacs.org.br\/wp-content\/uploads\/2022\/01\/PUB_PACS_2010_002.pdf\" class=\"wp-block-file__button\" download aria-describedby=\"wp-block-file--media-1f27533f-11d2-48a5-be3d-55ed56dd6eee\">Baixar<\/a><\/div>\n","protected":false},"excerpt":{"rendered":"<p>&#8220;O Curso de Gest\u00e3o e Viabilidade Econ\u00f4mica, uma iniciativa e realiza\u00e7\u00e3o do PACS, come\u00e7ou em 2006 como um projeto piloto baseado na experimenta\u00e7\u00e3o de novas metodologias de constru\u00e7\u00e3o de conhecimento, criado para colaborar com a gest\u00e3o e a viabilidade de empreendimentos populares nos setores de alimenta\u00e7\u00e3o, produ\u00e7\u00e3o, fitoterapia, artesanato e vestu\u00e1rio. A proposta tamb\u00e9m estava [&hellip;]<\/p>\n","protected":false},"featured_media":415,"template":"","class_list":["post-387","publicacao","type-publicacao","status-publish","has-post-thumbnail","hentry"],"_links":{"self":[{"href":"https:\/\/pacs.org.br\/marcosarruda\/wp-json\/wp\/v2\/publicacao\/387","targetHints":{"allow":["GET"]}}],"collection":[{"href":"https:\/\/pacs.org.br\/marcosarruda\/wp-json\/wp\/v2\/publicacao"}],"about":[{"href":"https:\/\/pacs.org.br\/marcosarruda\/wp-json\/wp\/v2\/types\/publicacao"}],"version-history":[{"count":1,"href":"https:\/\/pacs.org.br\/marcosarruda\/wp-json\/wp\/v2\/publicacao\/387\/revisions"}],"predecessor-version":[{"id":450,"href":"https:\/\/pacs.org.br\/marcosarruda\/wp-json\/wp\/v2\/publicacao\/387\/revisions\/450"}],"wp:featuredmedia":[{"embeddable":true,"href":"https:\/\/pacs.org.br\/marcosarruda\/wp-json\/wp\/v2\/media\/415"}],"wp:attachment":[{"href":"https:\/\/pacs.org.br\/marcosarruda\/wp-json\/wp\/v2\/media?parent=387"}],"curies":[{"name":"wp","href":"https:\/\/api.w.org\/{rel}","templated":true}]}}

Gest(ão)ando a Vida: Experiências do fazer Socioeconomia Solidária

<p>&#8220;O Curso de Gestão e Viabilidade Econômica, uma iniciativa e realização do PACS, começou em 2006 como um projeto piloto baseado na experimentação de novas metodologias de construção de conhecimento, criado para colaborar com a gestão e a viabilidade de empreendimentos populares nos setores de alimentação, produção, fitoterapia, artesanato e vestuário. A proposta também estava associada à reflexão dos técnicos e técnicas educadores do Curso sobre a necessidade de a Instituição focar seus trabalhos em um território específico.</p>



<p>O PACS desenvolve atividades de articulação e formação na Zona Oeste do município do Rio de Janeiro, em parceria com outras instituições, desde 1997. No caso do Curso de Gestão e Viabilidade Econômica, a instituição parceira é a Capina – Cooperação e Apoio a Projetos de Inspiração Alternativa, com a qual troca experiências desde o início do projeto.</p>



<p>[&#8230;]</p>



<div class="wp-block-file"><a id="wp-block-file--media-1f27533f-11d2-48a5-be3d-55ed56dd6eee" href="http://pacs.org.br/wp-content/uploads/2022/01/PUB_PACS_2010_002.pdf">Baixe aqui</a><a href="http://pacs.org.br/wp-content/uploads/2022/01/PUB_PACS_2010_002.pdf" class="wp-block-file__button" download aria-describedby="wp-block-file--media-1f27533f-11d2-48a5-be3d-55ed56dd6eee">Baixar</a></div>

<p>&#8220;O Curso de Gestão e Viabilidade Econômica, uma iniciativa e realização do PACS, começou em 2006 como um projeto piloto baseado na experimentação de novas metodologias de construção de conhecimento, criado para colaborar com a gestão e a viabilidade de empreendimentos populares nos setores de alimentação, produção, fitoterapia, artesanato e vestuário. A proposta também estava [&hellip;]</p>
