{"id":393,"date":"2021-08-05T00:00:00","date_gmt":"2021-08-05T00:00:00","guid":{"rendered":"http:\/\/pacs.org.br\/novo-marcos-arruda\/publicacao\/que-outra-integracao-e-possivel-soberania-sim-alca-nao\/"},"modified":"2022-10-13T14:24:28","modified_gmt":"2022-10-13T14:24:28","slug":"que-outra-integracao-e-possivel-soberania-sim-alca-nao","status":"publish","type":"publicacao","link":"https:\/\/pacs.org.br\/marcosarruda\/publicacao\/que-outra-integracao-e-possivel-soberania-sim-alca-nao\/","title":{"rendered":"Que outra integra\u00e7\u00e3o \u00e9 poss\u00edvel? Soberania sim, ALCA n\u00e3o"},"content":{"rendered":"\n<p>*Adapta\u00e7\u00e3o por Sarah Anderson e Marcos Arruda<\/p>\n\n\n\n<p>&#8220;O Tratado da ALCA n\u00e3o tem uma finalidade p\u00fablica, equitativa ou puramente t\u00e9cnica, nem visa a sustentabilidade alimentar, comercial, produtiva e ambiental das na\u00e7\u00f5es que viriam a comp\u00f4-la. Este tratado corresponde \u00e0 estrat\u00e9gia dos EUA para superar seu problema de sobreprodu\u00e7\u00e3o, subordinar os espa\u00e7os geoecon\u00f4micos do continente \u00e0s megaempresas estadunidenses e criar um bloco regional dominado pelos EUA, capaz de suplantar a competi\u00e7\u00e3o da Uni\u00e3o Europeia e do bloco asi\u00e1tico na disputa pela hegemonia econ\u00f4mica, geopol\u00edtica e cultural do planeta<br>(Jubileu Sul-Am\u00e9ricas, 2000). A base que foi adotada para as negocia\u00e7\u00f5es \u00e9 o Acordo de Livre Com\u00e9rcio da Am\u00e9rica do Norte (ALCAN), no qual os interesses que prevalecem s\u00e3o claramente os dos EUA.<\/p>\n\n\n\n<p>[&#8230;]<\/p>\n\n\n\n<div class=\"wp-block-file\"><a id=\"wp-block-file--media-75d756e2-8144-4abd-b41e-47f8dfcee065\" href=\"http:\/\/pacs.org.br\/wp-content\/uploads\/2021\/08\/PUB_PACS_2002_008.pdf\">Confira a publica\u00e7\u00e3o aqui:<\/a><a href=\"http:\/\/pacs.org.br\/wp-content\/uploads\/2021\/08\/PUB_PACS_2002_008.pdf\" class=\"wp-block-file__button\" download aria-describedby=\"wp-block-file--media-75d756e2-8144-4abd-b41e-47f8dfcee065\">Baixar<\/a><\/div>\n","protected":false},"excerpt":{"rendered":"<p>*Adapta\u00e7\u00e3o por Sarah Anderson e Marcos Arruda &#8220;O Tratado da ALCA n\u00e3o tem uma finalidade p\u00fablica, equitativa ou puramente t\u00e9cnica, nem visa a sustentabilidade alimentar, comercial, produtiva e ambiental das na\u00e7\u00f5es que viriam a comp\u00f4-la. Este tratado corresponde \u00e0 estrat\u00e9gia dos EUA para superar seu problema de sobreprodu\u00e7\u00e3o, subordinar os espa\u00e7os geoecon\u00f4micos do continente \u00e0s [&hellip;]<\/p>\n","protected":false},"featured_media":415,"template":"","class_list":["post-393","publicacao","type-publicacao","status-publish","has-post-thumbnail","hentry"],"_links":{"self":[{"href":"https:\/\/pacs.org.br\/marcosarruda\/wp-json\/wp\/v2\/publicacao\/393","targetHints":{"allow":["GET"]}}],"collection":[{"href":"https:\/\/pacs.org.br\/marcosarruda\/wp-json\/wp\/v2\/publicacao"}],"about":[{"href":"https:\/\/pacs.org.br\/marcosarruda\/wp-json\/wp\/v2\/types\/publicacao"}],"version-history":[{"count":1,"href":"https:\/\/pacs.org.br\/marcosarruda\/wp-json\/wp\/v2\/publicacao\/393\/revisions"}],"predecessor-version":[{"id":437,"href":"https:\/\/pacs.org.br\/marcosarruda\/wp-json\/wp\/v2\/publicacao\/393\/revisions\/437"}],"wp:featuredmedia":[{"embeddable":true,"href":"https:\/\/pacs.org.br\/marcosarruda\/wp-json\/wp\/v2\/media\/415"}],"wp:attachment":[{"href":"https:\/\/pacs.org.br\/marcosarruda\/wp-json\/wp\/v2\/media?parent=393"}],"curies":[{"name":"wp","href":"https:\/\/api.w.org\/{rel}","templated":true}]}}

Que outra integração é possível? Soberania sim, ALCA não

<p>*Adaptação por Sarah Anderson e Marcos Arruda</p>



<p>&#8220;O Tratado da ALCA não tem uma finalidade pública, equitativa ou puramente técnica, nem visa a sustentabilidade alimentar, comercial, produtiva e ambiental das nações que viriam a compô-la. Este tratado corresponde à estratégia dos EUA para superar seu problema de sobreprodução, subordinar os espaços geoeconômicos do continente às megaempresas estadunidenses e criar um bloco regional dominado pelos EUA, capaz de suplantar a competição da União Europeia e do bloco asiático na disputa pela hegemonia econômica, geopolítica e cultural do planeta<br>(Jubileu Sul-Américas, 2000). A base que foi adotada para as negociações é o Acordo de Livre Comércio da América do Norte (ALCAN), no qual os interesses que prevalecem são claramente os dos EUA.</p>



<p>[&#8230;]</p>



<div class="wp-block-file"><a id="wp-block-file--media-75d756e2-8144-4abd-b41e-47f8dfcee065" href="http://pacs.org.br/wp-content/uploads/2021/08/PUB_PACS_2002_008.pdf">Confira a publicação aqui:</a><a href="http://pacs.org.br/wp-content/uploads/2021/08/PUB_PACS_2002_008.pdf" class="wp-block-file__button" download aria-describedby="wp-block-file--media-75d756e2-8144-4abd-b41e-47f8dfcee065">Baixar</a></div>

<p>*Adaptação por Sarah Anderson e Marcos Arruda &#8220;O Tratado da ALCA não tem uma finalidade pública, equitativa ou puramente técnica, nem visa a sustentabilidade alimentar, comercial, produtiva e ambiental das nações que viriam a compô-la. Este tratado corresponde à estratégia dos EUA para superar seu problema de sobreprodução, subordinar os espaços geoeconômicos do continente às [&hellip;]</p>
