{"id":535,"date":"2022-10-18T14:35:24","date_gmt":"2022-10-18T14:35:24","guid":{"rendered":"http:\/\/pacs.org.br\/novo-marcos-arruda\/?post_type=textosepoesias&#038;p=535"},"modified":"2022-10-18T14:35:24","modified_gmt":"2022-10-18T14:35:24","slug":"elegia-ao-extraordinario-companheiro-manoel-da-conceicao","status":"publish","type":"textosepoesias","link":"https:\/\/pacs.org.br\/marcosarruda\/textosepoesias\/elegia-ao-extraordinario-companheiro-manoel-da-conceicao\/","title":{"rendered":"Elegia ao extraordin\u00e1rio companheiro Manoel da Concei\u00e7\u00e3o"},"content":{"rendered":"\n<figure class=\"wp-block-image size-large is-resized\"><img loading=\"lazy\" decoding=\"async\" src=\"http:\/\/pacs.org.br\/marcosarruda\/wp-content\/uploads\/2022\/10\/Card-Manoel-1024x1024.png\" alt=\"\" class=\"wp-image-536\" width=\"545\" height=\"545\" srcset=\"https:\/\/pacs.org.br\/marcosarruda\/wp-content\/uploads\/2022\/10\/Card-Manoel-1024x1024.png 1024w, https:\/\/pacs.org.br\/marcosarruda\/wp-content\/uploads\/2022\/10\/Card-Manoel-300x300.png 300w, https:\/\/pacs.org.br\/marcosarruda\/wp-content\/uploads\/2022\/10\/Card-Manoel-150x150.png 150w, https:\/\/pacs.org.br\/marcosarruda\/wp-content\/uploads\/2022\/10\/Card-Manoel-768x768.png 768w, https:\/\/pacs.org.br\/marcosarruda\/wp-content\/uploads\/2022\/10\/Card-Manoel.png 1080w\" sizes=\"auto, (max-width: 545px) 100vw, 545px\" \/><\/figure>\n\n\n\n<p>Homenagem de Marcos Arruda \u00e0 Manoel da Concei\u00e7\u00e3o, que faleceu no dia 19\/08\/2021.\u00a0Perseguido, torturado e exilado, Man\u00e9 da Concei\u00e7\u00e3o, como era mais conhecido, dedicou toda a sua vida \u00e0 organiza\u00e7\u00e3o da luta pela democracia e pelos direitos dos povos dos campos e das florestas. Confira <a href=\"http:\/\/biblioteca.pacs.org.br\/wp-content\/uploads\/2021\/08\/Homenagem-%C3%A0-Manoel-Marcos-Arruda.pdf\">aqui<\/a>.<\/p>\n","protected":false},"excerpt":{"rendered":"<p>Homenagem de Marcos Arruda \u00e0 Manoel da Concei\u00e7\u00e3o, que faleceu no dia 19\/08\/2021.\u00a0Perseguido, torturado e exilado, Man\u00e9 da Concei\u00e7\u00e3o, como era mais conhecido, dedicou toda a sua vida \u00e0 organiza\u00e7\u00e3o da luta pela democracia e pelos direitos dos povos dos campos e das florestas. Confira aqui.<\/p>\n","protected":false},"featured_media":0,"template":"","class_list":["post-535","textosepoesias","type-textosepoesias","status-publish","hentry"],"_links":{"self":[{"href":"https:\/\/pacs.org.br\/marcosarruda\/wp-json\/wp\/v2\/textosepoesias\/535","targetHints":{"allow":["GET"]}}],"collection":[{"href":"https:\/\/pacs.org.br\/marcosarruda\/wp-json\/wp\/v2\/textosepoesias"}],"about":[{"href":"https:\/\/pacs.org.br\/marcosarruda\/wp-json\/wp\/v2\/types\/textosepoesias"}],"version-history":[{"count":1,"href":"https:\/\/pacs.org.br\/marcosarruda\/wp-json\/wp\/v2\/textosepoesias\/535\/revisions"}],"predecessor-version":[{"id":537,"href":"https:\/\/pacs.org.br\/marcosarruda\/wp-json\/wp\/v2\/textosepoesias\/535\/revisions\/537"}],"wp:attachment":[{"href":"https:\/\/pacs.org.br\/marcosarruda\/wp-json\/wp\/v2\/media?parent=535"}],"curies":[{"name":"wp","href":"https:\/\/api.w.org\/{rel}","templated":true}]}}

Elegia ao extraordinário companheiro Manoel da Conceição

<figure class="wp-block-image size-large is-resized"><img loading="lazy" decoding="async" src="http://pacs.org.br/marcosarruda/wp-content/uploads/2022/10/Card-Manoel-1024x1024.png" alt="" class="wp-image-536" width="545" height="545" srcset="https://pacs.org.br/marcosarruda/wp-content/uploads/2022/10/Card-Manoel-1024x1024.png 1024w, https://pacs.org.br/marcosarruda/wp-content/uploads/2022/10/Card-Manoel-300x300.png 300w, https://pacs.org.br/marcosarruda/wp-content/uploads/2022/10/Card-Manoel-150x150.png 150w, https://pacs.org.br/marcosarruda/wp-content/uploads/2022/10/Card-Manoel-768x768.png 768w, https://pacs.org.br/marcosarruda/wp-content/uploads/2022/10/Card-Manoel.png 1080w" sizes="auto, (max-width: 545px) 100vw, 545px" /></figure>



<p>Homenagem de Marcos Arruda à Manoel da Conceição, que faleceu no dia 19/08/2021. Perseguido, torturado e exilado, Mané da Conceição, como era mais conhecido, dedicou toda a sua vida à organização da luta pela democracia e pelos direitos dos povos dos campos e das florestas. Confira <a href="http://biblioteca.pacs.org.br/wp-content/uploads/2021/08/Homenagem-%C3%A0-Manoel-Marcos-Arruda.pdf">aqui</a>.</p>

<p>Homenagem de Marcos Arruda à Manoel da Conceição, que faleceu no dia 19/08/2021. Perseguido, torturado e exilado, Mané da Conceição, como era mais conhecido, dedicou toda a sua vida à organização da luta pela democracia e pelos direitos dos povos dos campos e das florestas. Confira aqui.</p>
