{"id":258,"date":"2021-05-11T15:44:45","date_gmt":"2021-05-11T18:44:45","guid":{"rendered":"http:\/\/pacs.org.br\/mulheresterritoriosdeluta\/?post_type=debate-mundo&#038;p=258"},"modified":"2021-05-11T15:47:15","modified_gmt":"2021-05-11T18:47:15","slug":"la-lucha-de-las-mujeres-garifunas-en-honduras","status":"publish","type":"debate-mundo","link":"https:\/\/pacs.org.br\/mulheresterritoriosdeluta\/debate-mundo\/la-lucha-de-las-mujeres-garifunas-en-honduras\/","title":{"rendered":"La lucha de las mujeres gar\u00edfunas en Honduras"},"content":{"rendered":"\n<figure class=\"wp-block-embed is-type-video is-provider-youtube wp-block-embed-youtube wp-embed-aspect-16-9 wp-has-aspect-ratio\"><div class=\"wp-block-embed__wrapper\">\n<iframe loading=\"lazy\" title=\"La lucha de las mujeres gar\u00edfunas en Honduras\" width=\"500\" height=\"281\" src=\"https:\/\/www.youtube.com\/embed\/YfzT5RH2rfk?feature=oembed\" frameborder=\"0\" allow=\"accelerometer; autoplay; clipboard-write; encrypted-media; gyroscope; picture-in-picture; web-share\" referrerpolicy=\"strict-origin-when-cross-origin\" allowfullscreen><\/iframe>\n<\/div><\/figure>\n\n\n\n<p>Na Costa do Belize e em Honduras, as mulheres Gar\u00edfuna, grupo \u00e9tnico estabelecido na regi\u00e3o, lutam pelos seus territ\u00f3rios ancestrais e pelo meio ambiente e resistem diariamente \u00e0 realidade de criminaliza\u00e7\u00e3o e assassinato dos(as) companheiros(as).<br><\/p>\n\n\n\n<p>Confira na reportagem produzida pela DW, com o apoio da International Women&#8217;s Media Foundation, como elas t\u00eam sobrevivido \u00e0 militariza\u00e7\u00e3o desses territ\u00f3rios.<\/p>\n","protected":false},"excerpt":{"rendered":"<p>Reportagem em espanhol<\/p>\n","protected":false},"featured_media":259,"template":"","class_list":["post-258","debate-mundo","type-debate-mundo","status-publish","has-post-thumbnail","hentry"],"_links":{"self":[{"href":"https:\/\/pacs.org.br\/mulheresterritoriosdeluta\/wp-json\/wp\/v2\/debate-mundo\/258","targetHints":{"allow":["GET"]}}],"collection":[{"href":"https:\/\/pacs.org.br\/mulheresterritoriosdeluta\/wp-json\/wp\/v2\/debate-mundo"}],"about":[{"href":"https:\/\/pacs.org.br\/mulheresterritoriosdeluta\/wp-json\/wp\/v2\/types\/debate-mundo"}],"version-history":[{"count":5,"href":"https:\/\/pacs.org.br\/mulheresterritoriosdeluta\/wp-json\/wp\/v2\/debate-mundo\/258\/revisions"}],"predecessor-version":[{"id":265,"href":"https:\/\/pacs.org.br\/mulheresterritoriosdeluta\/wp-json\/wp\/v2\/debate-mundo\/258\/revisions\/265"}],"wp:featuredmedia":[{"embeddable":true,"href":"https:\/\/pacs.org.br\/mulheresterritoriosdeluta\/wp-json\/wp\/v2\/media\/259"}],"wp:attachment":[{"href":"https:\/\/pacs.org.br\/mulheresterritoriosdeluta\/wp-json\/wp\/v2\/media?parent=258"}],"curies":[{"name":"wp","href":"https:\/\/api.w.org\/{rel}","templated":true}]}}

La lucha de las mujeres garífunas en Honduras

<figure class="wp-block-embed is-type-video is-provider-youtube wp-block-embed-youtube wp-embed-aspect-16-9 wp-has-aspect-ratio"><div class="wp-block-embed__wrapper">
<iframe loading="lazy" title="La lucha de las mujeres garífunas en Honduras" width="500" height="281" src="https://www.youtube.com/embed/YfzT5RH2rfk?feature=oembed" frameborder="0" allow="accelerometer; autoplay; clipboard-write; encrypted-media; gyroscope; picture-in-picture; web-share" referrerpolicy="strict-origin-when-cross-origin" allowfullscreen></iframe>
</div></figure>



<p>Na Costa do Belize e em Honduras, as mulheres Garífuna, grupo étnico estabelecido na região, lutam pelos seus territórios ancestrais e pelo meio ambiente e resistem diariamente à realidade de criminalização e assassinato dos(as) companheiros(as).<br></p>



<p>Confira na reportagem produzida pela DW, com o apoio da International Women&#8217;s Media Foundation, como elas têm sobrevivido à militarização desses territórios.</p>
