{"id":266,"date":"2021-05-11T15:59:40","date_gmt":"2021-05-11T18:59:40","guid":{"rendered":"http:\/\/pacs.org.br\/mulheresterritoriosdeluta\/?post_type=debate-mundo&#038;p=266"},"modified":"2021-05-11T15:59:41","modified_gmt":"2021-05-11T18:59:41","slug":"mulheres-indigenas-e-quilombolas-na-protecao-de-seus-povos-contra-o-coronavirus","status":"publish","type":"debate-mundo","link":"https:\/\/pacs.org.br\/mulheresterritoriosdeluta\/debate-mundo\/mulheres-indigenas-e-quilombolas-na-protecao-de-seus-povos-contra-o-coronavirus\/","title":{"rendered":"Mulheres ind\u00edgenas e quilombolas na prote\u00e7\u00e3o de seus povos contra o Coronav\u00edrus"},"content":{"rendered":"\n<figure class=\"wp-block-embed is-type-wp-embed is-provider-nos-mulheres-da-periferia wp-block-embed-nos-mulheres-da-periferia\"><div class=\"wp-block-embed__wrapper\">\nhttps:\/\/nosmulheresdaperiferia.com.br\/especiais\/racismo-ambiental\/?fbclid=IwAR0r-79F8J75GB9PyWSsPZUGKEwmJ_MetE9Eqb_GechxczaxQ8pah26tdu4%252040%2520sem\n<\/div><\/figure>\n","protected":false},"excerpt":{"rendered":"<p>Texto em portugu\u00eas<\/p>\n","protected":false},"featured_media":268,"template":"","class_list":["post-266","debate-mundo","type-debate-mundo","status-publish","has-post-thumbnail","hentry"],"_links":{"self":[{"href":"https:\/\/pacs.org.br\/mulheresterritoriosdeluta\/wp-json\/wp\/v2\/debate-mundo\/266","targetHints":{"allow":["GET"]}}],"collection":[{"href":"https:\/\/pacs.org.br\/mulheresterritoriosdeluta\/wp-json\/wp\/v2\/debate-mundo"}],"about":[{"href":"https:\/\/pacs.org.br\/mulheresterritoriosdeluta\/wp-json\/wp\/v2\/types\/debate-mundo"}],"version-history":[{"count":3,"href":"https:\/\/pacs.org.br\/mulheresterritoriosdeluta\/wp-json\/wp\/v2\/debate-mundo\/266\/revisions"}],"predecessor-version":[{"id":271,"href":"https:\/\/pacs.org.br\/mulheresterritoriosdeluta\/wp-json\/wp\/v2\/debate-mundo\/266\/revisions\/271"}],"wp:featuredmedia":[{"embeddable":true,"href":"https:\/\/pacs.org.br\/mulheresterritoriosdeluta\/wp-json\/wp\/v2\/media\/268"}],"wp:attachment":[{"href":"https:\/\/pacs.org.br\/mulheresterritoriosdeluta\/wp-json\/wp\/v2\/media?parent=266"}],"curies":[{"name":"wp","href":"https:\/\/api.w.org\/{rel}","templated":true}]}}

Mulheres indígenas e quilombolas na proteção de seus povos contra o Coronavírus

<p>Texto em português</p>
