{"id":272,"date":"2021-05-11T16:08:04","date_gmt":"2021-05-11T19:08:04","guid":{"rendered":"http:\/\/pacs.org.br\/mulheresterritoriosdeluta\/?post_type=debate-mundo&#038;p=272"},"modified":"2021-05-11T16:08:05","modified_gmt":"2021-05-11T19:08:05","slug":"o-que-a-vale-esta-fazendo-para-enganar-as-pessoas-atingidas-e-a-sociedade","status":"publish","type":"debate-mundo","link":"https:\/\/pacs.org.br\/mulheresterritoriosdeluta\/debate-mundo\/o-que-a-vale-esta-fazendo-para-enganar-as-pessoas-atingidas-e-a-sociedade\/","title":{"rendered":"O que a Vale est\u00e1 fazendo para enganar as pessoas atingidas e a sociedade?"},"content":{"rendered":"\n<figure class=\"wp-block-embed is-type-video is-provider-youtube wp-block-embed-youtube wp-embed-aspect-16-9 wp-has-aspect-ratio\"><div class=\"wp-block-embed__wrapper\">\n<iframe loading=\"lazy\" title=\"O que a Vale est\u00e1 fazendo para enganar as pessoas atingidas e a sociedade?\" width=\"500\" height=\"281\" src=\"https:\/\/www.youtube.com\/embed\/jNDraDNO7Kg?feature=oembed\" frameborder=\"0\" allow=\"accelerometer; autoplay; clipboard-write; encrypted-media; gyroscope; picture-in-picture; web-share\" referrerpolicy=\"strict-origin-when-cross-origin\" allowfullscreen><\/iframe>\n<\/div><\/figure>\n\n\n\n<p>A campanha milion\u00e1ria da Vale exibida em hor\u00e1rio nobre nas principais redes de televis\u00e3o mascara mais um crime socioambiental cometido pela empresa. Ao n\u00e3o assumir sua responsabilidade e ainda por cima gastar milh\u00f5es em publicidade para tentar limpar sua imagem, a mineradora desrespeita todas as v\u00edtimas e mente \u00e1 sociedade sobre seu crime em Brumadinho. Devido ao conte\u00fado mentiroso, n\u00f3s da Articula\u00e7\u00e3o Internacional dos Atingidos e Atingidas pela Vale, no dia em que completam 8 meses do rompimento da barragem, resolvemos realizar um v\u00eddeo sombra contestando seu discurso oficial e mentiroso. Assim, como seria um comercial da Vale caso ela dissesse a verdade sobre seus atos? <a href=\"https:\/\/www.youtube.com\/hashtag\/valeassassina\">#ValeAssassina<\/a><\/p>\n","protected":false},"excerpt":{"rendered":"<p>V\u00eddeo em portugu\u00eas<\/p>\n","protected":false},"featured_media":273,"template":"","class_list":["post-272","debate-mundo","type-debate-mundo","status-publish","has-post-thumbnail","hentry"],"_links":{"self":[{"href":"https:\/\/pacs.org.br\/mulheresterritoriosdeluta\/wp-json\/wp\/v2\/debate-mundo\/272","targetHints":{"allow":["GET"]}}],"collection":[{"href":"https:\/\/pacs.org.br\/mulheresterritoriosdeluta\/wp-json\/wp\/v2\/debate-mundo"}],"about":[{"href":"https:\/\/pacs.org.br\/mulheresterritoriosdeluta\/wp-json\/wp\/v2\/types\/debate-mundo"}],"version-history":[{"count":2,"href":"https:\/\/pacs.org.br\/mulheresterritoriosdeluta\/wp-json\/wp\/v2\/debate-mundo\/272\/revisions"}],"predecessor-version":[{"id":275,"href":"https:\/\/pacs.org.br\/mulheresterritoriosdeluta\/wp-json\/wp\/v2\/debate-mundo\/272\/revisions\/275"}],"wp:featuredmedia":[{"embeddable":true,"href":"https:\/\/pacs.org.br\/mulheresterritoriosdeluta\/wp-json\/wp\/v2\/media\/273"}],"wp:attachment":[{"href":"https:\/\/pacs.org.br\/mulheresterritoriosdeluta\/wp-json\/wp\/v2\/media?parent=272"}],"curies":[{"name":"wp","href":"https:\/\/api.w.org\/{rel}","templated":true}]}}

O que a Vale está fazendo para enganar as pessoas atingidas e a sociedade?

<figure class="wp-block-embed is-type-video is-provider-youtube wp-block-embed-youtube wp-embed-aspect-16-9 wp-has-aspect-ratio"><div class="wp-block-embed__wrapper">
<iframe loading="lazy" title="O que a Vale está fazendo para enganar as pessoas atingidas e a sociedade?" width="500" height="281" src="https://www.youtube.com/embed/jNDraDNO7Kg?feature=oembed" frameborder="0" allow="accelerometer; autoplay; clipboard-write; encrypted-media; gyroscope; picture-in-picture; web-share" referrerpolicy="strict-origin-when-cross-origin" allowfullscreen></iframe>
</div></figure>



<p>A campanha milionária da Vale exibida em horário nobre nas principais redes de televisão mascara mais um crime socioambiental cometido pela empresa. Ao não assumir sua responsabilidade e ainda por cima gastar milhões em publicidade para tentar limpar sua imagem, a mineradora desrespeita todas as vítimas e mente á sociedade sobre seu crime em Brumadinho. Devido ao conteúdo mentiroso, nós da Articulação Internacional dos Atingidos e Atingidas pela Vale, no dia em que completam 8 meses do rompimento da barragem, resolvemos realizar um vídeo sombra contestando seu discurso oficial e mentiroso. Assim, como seria um comercial da Vale caso ela dissesse a verdade sobre seus atos? <a href="https://www.youtube.com/hashtag/valeassassina">#ValeAssassina</a></p>

<p>Vídeo em português</p>
