{"id":283,"date":"2021-05-12T12:06:28","date_gmt":"2021-05-12T15:06:28","guid":{"rendered":"http:\/\/pacs.org.br\/mulheresterritoriosdeluta\/?post_type=debate-mundo&#038;p=283"},"modified":"2021-05-12T12:07:20","modified_gmt":"2021-05-12T15:07:20","slug":"lorena-cabnal-feminismo-comunitario-en-guatemala","status":"publish","type":"debate-mundo","link":"https:\/\/pacs.org.br\/mulheresterritoriosdeluta\/debate-mundo\/lorena-cabnal-feminismo-comunitario-en-guatemala\/","title":{"rendered":"Lorena Cabnal, feminismo comunitario en Guatemala."},"content":{"rendered":"\n<figure class=\"wp-block-embed is-type-video is-provider-youtube wp-block-embed-youtube wp-embed-aspect-16-9 wp-has-aspect-ratio\"><div class=\"wp-block-embed__wrapper\">\n<iframe loading=\"lazy\" title=\"Lorena Cabnal, feminismo comunitario en Guatemala.\" width=\"500\" height=\"281\" src=\"https:\/\/www.youtube.com\/embed\/n5qsA2XMU1o?feature=oembed\" frameborder=\"0\" allow=\"accelerometer; autoplay; clipboard-write; encrypted-media; gyroscope; picture-in-picture; web-share\" referrerpolicy=\"strict-origin-when-cross-origin\" allowfullscreen><\/iframe>\n<\/div><figcaption>No v\u00eddeo, Lorena Cabnal fala sobre o feminismo comunit\u00e1rio na Guatemala e a luta das mulheres pela emancipa\u00e7\u00e3o de seus corpos.<\/figcaption><\/figure>\n\n\n\n<p><\/p>\n","protected":false},"excerpt":{"rendered":"<p>V\u00eddeo em espanhol<\/p>\n","protected":false},"featured_media":284,"template":"","class_list":["post-283","debate-mundo","type-debate-mundo","status-publish","has-post-thumbnail","hentry"],"_links":{"self":[{"href":"https:\/\/pacs.org.br\/mulheresterritoriosdeluta\/wp-json\/wp\/v2\/debate-mundo\/283","targetHints":{"allow":["GET"]}}],"collection":[{"href":"https:\/\/pacs.org.br\/mulheresterritoriosdeluta\/wp-json\/wp\/v2\/debate-mundo"}],"about":[{"href":"https:\/\/pacs.org.br\/mulheresterritoriosdeluta\/wp-json\/wp\/v2\/types\/debate-mundo"}],"version-history":[{"count":3,"href":"https:\/\/pacs.org.br\/mulheresterritoriosdeluta\/wp-json\/wp\/v2\/debate-mundo\/283\/revisions"}],"predecessor-version":[{"id":287,"href":"https:\/\/pacs.org.br\/mulheresterritoriosdeluta\/wp-json\/wp\/v2\/debate-mundo\/283\/revisions\/287"}],"wp:featuredmedia":[{"embeddable":true,"href":"https:\/\/pacs.org.br\/mulheresterritoriosdeluta\/wp-json\/wp\/v2\/media\/284"}],"wp:attachment":[{"href":"https:\/\/pacs.org.br\/mulheresterritoriosdeluta\/wp-json\/wp\/v2\/media?parent=283"}],"curies":[{"name":"wp","href":"https:\/\/api.w.org\/{rel}","templated":true}]}}

<figure class="wp-block-embed is-type-video is-provider-youtube wp-block-embed-youtube wp-embed-aspect-16-9 wp-has-aspect-ratio"><div class="wp-block-embed__wrapper">
<iframe loading="lazy" title="Lorena Cabnal, feminismo comunitario en Guatemala." width="500" height="281" src="https://www.youtube.com/embed/n5qsA2XMU1o?feature=oembed" frameborder="0" allow="accelerometer; autoplay; clipboard-write; encrypted-media; gyroscope; picture-in-picture; web-share" referrerpolicy="strict-origin-when-cross-origin" allowfullscreen></iframe>
</div><figcaption>No vídeo, Lorena Cabnal fala sobre o feminismo comunitário na Guatemala e a luta das mulheres pela emancipação de seus corpos.</figcaption></figure>



<p></p>

<p>Vídeo em espanhol</p>
