{"id":316,"date":"2021-05-13T16:39:52","date_gmt":"2021-05-13T19:39:52","guid":{"rendered":"http:\/\/pacs.org.br\/mulheresterritoriosdeluta\/?post_type=debate-mundo&#038;p=316"},"modified":"2021-05-13T16:42:32","modified_gmt":"2021-05-13T19:42:32","slug":"genero-e-industrias-extractivas-en-america-latina-medidas-estatales-frente-a-impactos-diferenciados-en-las-mujeres","status":"publish","type":"debate-mundo","link":"https:\/\/pacs.org.br\/mulheresterritoriosdeluta\/debate-mundo\/genero-e-industrias-extractivas-en-america-latina-medidas-estatales-frente-a-impactos-diferenciados-en-las-mujeres\/","title":{"rendered":"G\u00e9nero e industrias extractivas en Am\u00e9rica Latina: Medidas estatales frente a impactos diferenciados en las mujeres"},"content":{"rendered":"\n<div class=\"wp-block-image\"><figure class=\"alignleft size-large is-resized\"><img loading=\"lazy\" decoding=\"async\" src=\"http:\/\/pacs.org.br\/mulheresterritoriosdeluta\/wp-content\/uploads\/2021\/05\/genero.jpg\" alt=\"\" class=\"wp-image-324\" width=\"486\" height=\"464\" srcset=\"https:\/\/pacs.org.br\/mulheresterritoriosdeluta\/wp-content\/uploads\/2021\/05\/genero.jpg 608w, https:\/\/pacs.org.br\/mulheresterritoriosdeluta\/wp-content\/uploads\/2021\/05\/genero-300x286.jpg 300w\" sizes=\"auto, (max-width: 486px) 100vw, 486px\" \/><\/figure><\/div>\n\n\n\n<div class=\"wp-block-file\"><a href=\"blob:http:\/\/pacs.org.br\/mulheresterritoriosdeluta\/c1621438-7981-41e8-b9ac-d4ca0be4fe23\">G\u00e9nero e industrias extractivas en Am\u00e9rica Latina<\/a><a href=\"blob:http:\/\/pacs.org.br\/mulheresterritoriosdeluta\/c1621438-7981-41e8-b9ac-d4ca0be4fe23\" class=\"wp-block-file__button\" download>Baixar<\/a><\/div>\n\n\n\n<p>Elaborado por DPLF y Derecho, Ambiente y Recursos Naturales (DAR), con el apoyo de Oxfam, el informe regional&nbsp;<em>G\u00e9nero e industrias extractivas en Am\u00e9rica Latina y el Caribe<\/em>&nbsp;sistematiza informaci\u00f3n sobre la problem\u00e1tica de la perspectiva de g\u00e9nero en el marco de las extractivas con el fin de enriquecer el debate de las principales tendencias en materia de impactos en los derechos de las mujeres. &nbsp;En el cap\u00edtulo I, se establece el marco te\u00f3rico sobre g\u00e9nero y extractivismo en Am\u00e9rica Latina, que abarca los est\u00e1ndares internacionales en materia de derechos de los pueblos ind\u00edgenas, en particular respecto a los derechos de las mujeres ind\u00edgenas. El cap\u00edtulo II aborda las principales tendencias en materia de impactos de las actividades extractivas en las mujeres. El cap\u00edtulo III analiza el marco legal y pol\u00edticas p\u00fablicas de cuatro pa\u00edses seleccionados: Guatemala, Honduras, Colombia y Per\u00fa, que brindan luces sobre los retos que se tienen para mejorar la integraci\u00f3n de la perspectiva de g\u00e9nero en ellos, y perfeccionar su implementaci\u00f3n. La \u00faltima secci\u00f3n presenta una serie de recomendaciones a diferentes actores p\u00fablicos y privados, con el fin de perfeccionar las normas, pol\u00edticas y actuaci\u00f3n Estados y empresas en torno al impacto diferenciado de las industrias extractivas en los derechos de las mujeres.<\/p>\n","protected":false},"excerpt":{"rendered":"<p>Estudo em espanhol<\/p>\n","protected":false},"featured_media":324,"template":"","class_list":["post-316","debate-mundo","type-debate-mundo","status-publish","has-post-thumbnail","hentry"],"_links":{"self":[{"href":"https:\/\/pacs.org.br\/mulheresterritoriosdeluta\/wp-json\/wp\/v2\/debate-mundo\/316","targetHints":{"allow":["GET"]}}],"collection":[{"href":"https:\/\/pacs.org.br\/mulheresterritoriosdeluta\/wp-json\/wp\/v2\/debate-mundo"}],"about":[{"href":"https:\/\/pacs.org.br\/mulheresterritoriosdeluta\/wp-json\/wp\/v2\/types\/debate-mundo"}],"version-history":[{"count":3,"href":"https:\/\/pacs.org.br\/mulheresterritoriosdeluta\/wp-json\/wp\/v2\/debate-mundo\/316\/revisions"}],"predecessor-version":[{"id":328,"href":"https:\/\/pacs.org.br\/mulheresterritoriosdeluta\/wp-json\/wp\/v2\/debate-mundo\/316\/revisions\/328"}],"wp:featuredmedia":[{"embeddable":true,"href":"https:\/\/pacs.org.br\/mulheresterritoriosdeluta\/wp-json\/wp\/v2\/media\/324"}],"wp:attachment":[{"href":"https:\/\/pacs.org.br\/mulheresterritoriosdeluta\/wp-json\/wp\/v2\/media?parent=316"}],"curies":[{"name":"wp","href":"https:\/\/api.w.org\/{rel}","templated":true}]}}

Género e industrias extractivas en América Latina: Medidas estatales frente a impactos diferenciados en las mujeres

<div class="wp-block-image"><figure class="alignleft size-large is-resized"><img loading="lazy" decoding="async" src="http://pacs.org.br/mulheresterritoriosdeluta/wp-content/uploads/2021/05/genero.jpg" alt="" class="wp-image-324" width="486" height="464" srcset="https://pacs.org.br/mulheresterritoriosdeluta/wp-content/uploads/2021/05/genero.jpg 608w, https://pacs.org.br/mulheresterritoriosdeluta/wp-content/uploads/2021/05/genero-300x286.jpg 300w" sizes="auto, (max-width: 486px) 100vw, 486px" /></figure></div>



<div class="wp-block-file"><a href="blob:http://pacs.org.br/mulheresterritoriosdeluta/c1621438-7981-41e8-b9ac-d4ca0be4fe23">Género e industrias extractivas en América Latina</a><a href="blob:http://pacs.org.br/mulheresterritoriosdeluta/c1621438-7981-41e8-b9ac-d4ca0be4fe23" class="wp-block-file__button" download>Baixar</a></div>



<p>Elaborado por DPLF y Derecho, Ambiente y Recursos Naturales (DAR), con el apoyo de Oxfam, el informe regional&nbsp;<em>Género e industrias extractivas en América Latina y el Caribe</em>&nbsp;sistematiza información sobre la problemática de la perspectiva de género en el marco de las extractivas con el fin de enriquecer el debate de las principales tendencias en materia de impactos en los derechos de las mujeres. &nbsp;En el capítulo I, se establece el marco teórico sobre género y extractivismo en América Latina, que abarca los estándares internacionales en materia de derechos de los pueblos indígenas, en particular respecto a los derechos de las mujeres indígenas. El capítulo II aborda las principales tendencias en materia de impactos de las actividades extractivas en las mujeres. El capítulo III analiza el marco legal y políticas públicas de cuatro países seleccionados: Guatemala, Honduras, Colombia y Perú, que brindan luces sobre los retos que se tienen para mejorar la integración de la perspectiva de género en ellos, y perfeccionar su implementación. La última sección presenta una serie de recomendaciones a diferentes actores públicos y privados, con el fin de perfeccionar las normas, políticas y actuación Estados y empresas en torno al impacto diferenciado de las industrias extractivas en los derechos de las mujeres.</p>
