{"id":481,"date":"2021-06-14T13:40:05","date_gmt":"2021-06-14T16:40:05","guid":{"rendered":"http:\/\/pacs.org.br\/mulheresterritoriosdeluta\/?post_type=debate-mundo&#038;p=481"},"modified":"2021-06-14T13:41:40","modified_gmt":"2021-06-14T16:41:40","slug":"red-latinoamericana-de-mujeres-defensoras-de-derechos-sociales-e-ambientales","status":"publish","type":"debate-mundo","link":"https:\/\/pacs.org.br\/mulheresterritoriosdeluta\/debate-mundo\/red-latinoamericana-de-mujeres-defensoras-de-derechos-sociales-e-ambientales\/","title":{"rendered":"Red Latinoamericana de Mujeres Defensoras de Derechos Sociales e Ambientales"},"content":{"rendered":"\n<pre id=\"tw-target-text\" class=\"wp-block-preformatted\">A Red Latinoamericana de Mujeres Defensoras de Derechos Sociales y Ambientales \u00e9 uma organiza\u00e7\u00e3o de mulheres presente em 11 pa\u00edses da Abya Yala que influencia pol\u00edticas, projetos e pr\u00e1ticas que contribuem para a defesa dos direitos de nossos povos, da natureza e dos direitos sociais que s\u00e3o violados por projetos de minera\u00e7\u00e3o extrativista e que afetam diretamente as mulheres.\n\nSaiba mais: <a href=\"https:\/\/www.redlatinoamericanademujeres.org\/\">https:\/\/www.redlatinoamericanademujeres.org\/<\/a>\n\n<\/pre>\n","protected":false},"excerpt":{"rendered":"<p>Site em espanhol<\/p>\n","protected":false},"featured_media":482,"template":"","class_list":["post-481","debate-mundo","type-debate-mundo","status-publish","has-post-thumbnail","hentry"],"_links":{"self":[{"href":"https:\/\/pacs.org.br\/mulheresterritoriosdeluta\/wp-json\/wp\/v2\/debate-mundo\/481","targetHints":{"allow":["GET"]}}],"collection":[{"href":"https:\/\/pacs.org.br\/mulheresterritoriosdeluta\/wp-json\/wp\/v2\/debate-mundo"}],"about":[{"href":"https:\/\/pacs.org.br\/mulheresterritoriosdeluta\/wp-json\/wp\/v2\/types\/debate-mundo"}],"version-history":[{"count":8,"href":"https:\/\/pacs.org.br\/mulheresterritoriosdeluta\/wp-json\/wp\/v2\/debate-mundo\/481\/revisions"}],"predecessor-version":[{"id":490,"href":"https:\/\/pacs.org.br\/mulheresterritoriosdeluta\/wp-json\/wp\/v2\/debate-mundo\/481\/revisions\/490"}],"wp:featuredmedia":[{"embeddable":true,"href":"https:\/\/pacs.org.br\/mulheresterritoriosdeluta\/wp-json\/wp\/v2\/media\/482"}],"wp:attachment":[{"href":"https:\/\/pacs.org.br\/mulheresterritoriosdeluta\/wp-json\/wp\/v2\/media?parent=481"}],"curies":[{"name":"wp","href":"https:\/\/api.w.org\/{rel}","templated":true}]}}

<pre id="tw-target-text" class="wp-block-preformatted">A Red Latinoamericana de Mujeres Defensoras de Derechos Sociales y Ambientales é uma organização de mulheres presente em 11 países da Abya Yala que influencia políticas, projetos e práticas que contribuem para a defesa dos direitos de nossos povos, da natureza e dos direitos sociais que são violados por projetos de mineração extrativista e que afetam diretamente as mulheres.

Saiba mais: <a href="https://www.redlatinoamericanademujeres.org/">https://www.redlatinoamericanademujeres.org/</a>

</pre>
