{"id":491,"date":"2021-06-14T13:57:58","date_gmt":"2021-06-14T16:57:58","guid":{"rendered":"http:\/\/pacs.org.br\/mulheresterritoriosdeluta\/?post_type=debate-mundo&#038;p=491"},"modified":"2021-06-14T13:57:58","modified_gmt":"2021-06-14T16:57:58","slug":"rexistir-campana","status":"publish","type":"debate-mundo","link":"https:\/\/pacs.org.br\/mulheresterritoriosdeluta\/debate-mundo\/rexistir-campana\/","title":{"rendered":"Rexistir Campa\u00f1a"},"content":{"rendered":"\n<pre id=\"tw-target-text\" class=\"wp-block-preformatted\">A campanha de sensibiliza\u00e7\u00e3o e incid\u00eancia Rexistir \u201cTejiendo Cuerpos Territorios\u201d, promovida pela Red Latinoamericana de Mujeres Defensoras de Derechos Sociales y Ambientales, busca dar visibilidade e denunciar as viol\u00eancias cometidas, com total impunidade, pelo sistema capitalista extrativista, patriarcal e colonial, por meio de seus projetos de minera\u00e7\u00e3o, contra os defensores da Am\u00e9rica Latina, suas comunidades e territ\u00f3rios.<\/pre>\n\n\n\n<p>Saiba mais: <a href=\"https:\/\/rexistir.com\/en\/campaign\/\">https:\/\/rexistir.com\/en\/campaign\/<\/a><\/p>\n","protected":false},"excerpt":{"rendered":"<p>site em espanhol<\/p>\n","protected":false},"featured_media":495,"template":"","class_list":["post-491","debate-mundo","type-debate-mundo","status-publish","has-post-thumbnail","hentry"],"_links":{"self":[{"href":"https:\/\/pacs.org.br\/mulheresterritoriosdeluta\/wp-json\/wp\/v2\/debate-mundo\/491","targetHints":{"allow":["GET"]}}],"collection":[{"href":"https:\/\/pacs.org.br\/mulheresterritoriosdeluta\/wp-json\/wp\/v2\/debate-mundo"}],"about":[{"href":"https:\/\/pacs.org.br\/mulheresterritoriosdeluta\/wp-json\/wp\/v2\/types\/debate-mundo"}],"version-history":[{"count":2,"href":"https:\/\/pacs.org.br\/mulheresterritoriosdeluta\/wp-json\/wp\/v2\/debate-mundo\/491\/revisions"}],"predecessor-version":[{"id":494,"href":"https:\/\/pacs.org.br\/mulheresterritoriosdeluta\/wp-json\/wp\/v2\/debate-mundo\/491\/revisions\/494"}],"wp:featuredmedia":[{"embeddable":true,"href":"https:\/\/pacs.org.br\/mulheresterritoriosdeluta\/wp-json\/wp\/v2\/media\/495"}],"wp:attachment":[{"href":"https:\/\/pacs.org.br\/mulheresterritoriosdeluta\/wp-json\/wp\/v2\/media?parent=491"}],"curies":[{"name":"wp","href":"https:\/\/api.w.org\/{rel}","templated":true}]}}

Rexistir Campaña

<pre id="tw-target-text" class="wp-block-preformatted">A campanha de sensibilização e incidência Rexistir “Tejiendo Cuerpos Territorios”, promovida pela Red Latinoamericana de Mujeres Defensoras de Derechos Sociales y Ambientales, busca dar visibilidade e denunciar as violências cometidas, com total impunidade, pelo sistema capitalista extrativista, patriarcal e colonial, por meio de seus projetos de mineração, contra os defensores da América Latina, suas comunidades e territórios.</pre>



<p>Saiba mais: <a href="https://rexistir.com/en/campaign/">https://rexistir.com/en/campaign/</a></p>
