{"id":496,"date":"2021-06-14T14:40:57","date_gmt":"2021-06-14T17:40:57","guid":{"rendered":"http:\/\/pacs.org.br\/mulheresterritoriosdeluta\/?post_type=debate-mundo&#038;p=496"},"modified":"2021-06-14T14:46:23","modified_gmt":"2021-06-14T17:46:23","slug":"496","status":"publish","type":"debate-mundo","link":"https:\/\/pacs.org.br\/mulheresterritoriosdeluta\/debate-mundo\/496\/","title":{"rendered":"Iniciativa Mesoamericana de Mujeres Defensoras de Derechos Humanos"},"content":{"rendered":"\n<pre id=\"tw-target-text\" class=\"wp-block-preformatted\">A Iniciativa Mesoamericana de Mujeres Defensoras de Derechos Humanos (IM-Defensoras) come\u00e7ou seu trabalho em 2010 para fornecer uma resposta abrangente e regional ao aumento da viol\u00eancia contra as mulheres defensoras dos direitos humanos na Mesoam\u00e9rica. Atualmente, IM-Defensoras busca fortalecer e articular mulheres defensoras que participam de diferentes organiza\u00e7\u00f5es e movimentos sociais para fortalecer as redes de prote\u00e7\u00e3o e solidariedade entre elas e aumentar a visibilidade, o reconhecimento e o impacto de seu trabalho pelos direitos humanos.\n\nSaiba mais: <a href=\"https:\/\/im-defensoras.org\/es\/\">https:\/\/im-defensoras.org\/es\/<\/a><\/pre>\n","protected":false},"excerpt":{"rendered":"<p>site em espanhol<\/p>\n","protected":false},"featured_media":497,"template":"","class_list":["post-496","debate-mundo","type-debate-mundo","status-publish","has-post-thumbnail","hentry"],"_links":{"self":[{"href":"https:\/\/pacs.org.br\/mulheresterritoriosdeluta\/wp-json\/wp\/v2\/debate-mundo\/496","targetHints":{"allow":["GET"]}}],"collection":[{"href":"https:\/\/pacs.org.br\/mulheresterritoriosdeluta\/wp-json\/wp\/v2\/debate-mundo"}],"about":[{"href":"https:\/\/pacs.org.br\/mulheresterritoriosdeluta\/wp-json\/wp\/v2\/types\/debate-mundo"}],"version-history":[{"count":3,"href":"https:\/\/pacs.org.br\/mulheresterritoriosdeluta\/wp-json\/wp\/v2\/debate-mundo\/496\/revisions"}],"predecessor-version":[{"id":500,"href":"https:\/\/pacs.org.br\/mulheresterritoriosdeluta\/wp-json\/wp\/v2\/debate-mundo\/496\/revisions\/500"}],"wp:featuredmedia":[{"embeddable":true,"href":"https:\/\/pacs.org.br\/mulheresterritoriosdeluta\/wp-json\/wp\/v2\/media\/497"}],"wp:attachment":[{"href":"https:\/\/pacs.org.br\/mulheresterritoriosdeluta\/wp-json\/wp\/v2\/media?parent=496"}],"curies":[{"name":"wp","href":"https:\/\/api.w.org\/{rel}","templated":true}]}}

<pre id="tw-target-text" class="wp-block-preformatted">A Iniciativa Mesoamericana de Mujeres Defensoras de Derechos Humanos (IM-Defensoras) começou seu trabalho em 2010 para fornecer uma resposta abrangente e regional ao aumento da violência contra as mulheres defensoras dos direitos humanos na Mesoamérica. Atualmente, IM-Defensoras busca fortalecer e articular mulheres defensoras que participam de diferentes organizações e movimentos sociais para fortalecer as redes de proteção e solidariedade entre elas e aumentar a visibilidade, o reconhecimento e o impacto de seu trabalho pelos direitos humanos.

Saiba mais: <a href="https://im-defensoras.org/es/">https://im-defensoras.org/es/</a></pre>
