{"id":504,"date":"2021-06-14T14:59:25","date_gmt":"2021-06-14T17:59:25","guid":{"rendered":"http:\/\/pacs.org.br\/mulheresterritoriosdeluta\/?post_type=debate-mundo&#038;p=504"},"modified":"2021-06-14T14:59:26","modified_gmt":"2021-06-14T17:59:26","slug":"miradas-criticas-del-territorio-desde-el-feminismo","status":"publish","type":"debate-mundo","link":"https:\/\/pacs.org.br\/mulheresterritoriosdeluta\/debate-mundo\/miradas-criticas-del-territorio-desde-el-feminismo\/","title":{"rendered":"Miradas cr\u00edticas del territorio desde el feminismo"},"content":{"rendered":"\n<pre id=\"tw-target-text\" class=\"wp-block-preformatted\">O site \u00e9 produzido por ativistas que acreditam na transforma\u00e7\u00e3o e no poder de pensar sobre a vida juntos. Pessoas de diversos pa\u00edses do mundo (Equador, M\u00e9xico, Espanha, Brasil, Uruguai) e que se encontram em Quito h\u00e1 5 anos, um lugar que se tornou um espa\u00e7o de conspira\u00e7\u00f5es. Est\u00e3o situados no feminismo latino-americano e caribenho como um lugar de luta, inven\u00e7\u00e3o, cria\u00e7\u00e3o, transforma\u00e7\u00e3o e pensamento. \"Nossos olhares tecem a liga\u00e7\u00e3o entre diversos corpos e territ\u00f3rios\".\n\nSaiba mais: <a href=\"https:\/\/territorioyfeminismos.org\/about\/\">https:\/\/territorioyfeminismos.org\/about\/<\/a>\n<\/pre>\n","protected":false},"excerpt":{"rendered":"<p>site em espanhol<\/p>\n","protected":false},"featured_media":505,"template":"","class_list":["post-504","debate-mundo","type-debate-mundo","status-publish","has-post-thumbnail","hentry"],"_links":{"self":[{"href":"https:\/\/pacs.org.br\/mulheresterritoriosdeluta\/wp-json\/wp\/v2\/debate-mundo\/504","targetHints":{"allow":["GET"]}}],"collection":[{"href":"https:\/\/pacs.org.br\/mulheresterritoriosdeluta\/wp-json\/wp\/v2\/debate-mundo"}],"about":[{"href":"https:\/\/pacs.org.br\/mulheresterritoriosdeluta\/wp-json\/wp\/v2\/types\/debate-mundo"}],"version-history":[{"count":1,"href":"https:\/\/pacs.org.br\/mulheresterritoriosdeluta\/wp-json\/wp\/v2\/debate-mundo\/504\/revisions"}],"predecessor-version":[{"id":506,"href":"https:\/\/pacs.org.br\/mulheresterritoriosdeluta\/wp-json\/wp\/v2\/debate-mundo\/504\/revisions\/506"}],"wp:featuredmedia":[{"embeddable":true,"href":"https:\/\/pacs.org.br\/mulheresterritoriosdeluta\/wp-json\/wp\/v2\/media\/505"}],"wp:attachment":[{"href":"https:\/\/pacs.org.br\/mulheresterritoriosdeluta\/wp-json\/wp\/v2\/media?parent=504"}],"curies":[{"name":"wp","href":"https:\/\/api.w.org\/{rel}","templated":true}]}}

Miradas críticas del territorio desde el feminismo

<pre id="tw-target-text" class="wp-block-preformatted">O site é produzido por ativistas que acreditam na transformação e no poder de pensar sobre a vida juntos. Pessoas de diversos países do mundo (Equador, México, Espanha, Brasil, Uruguai) e que se encontram em Quito há 5 anos, um lugar que se tornou um espaço de conspirações. Estão situados no feminismo latino-americano e caribenho como um lugar de luta, invenção, criação, transformação e pensamento. "Nossos olhares tecem a ligação entre diversos corpos e territórios".

Saiba mais: <a href="https://territorioyfeminismos.org/about/">https://territorioyfeminismos.org/about/</a>
</pre>
