{"id":7,"date":"2021-03-30T16:09:16","date_gmt":"2021-03-30T19:09:16","guid":{"rendered":"http:\/\/pacs.org.br\/mulheresterritoriosdeluta\/?page_id=7"},"modified":"2021-05-14T18:09:13","modified_gmt":"2021-05-14T21:09:13","slug":"entrevistas","status":"publish","type":"page","link":"https:\/\/pacs.org.br\/mulheresterritoriosdeluta\/entrevistas\/","title":{"rendered":"Entrevistas"},"content":{"rendered":"\n<p>As entrevistas aqui trazidas foram publicadas como parte da <strong>Campanha Mulheres Territ\u00f3rios de Luta<\/strong> ao longo dos anos de 2020 e 2021 e tamb\u00e9m est\u00e3o dispon\u00edveis nas redes sociais e no Medium do Instituto Pacs. Os di\u00e1logos foram realizados durante o per\u00edodo entre 2019 e 2020 e fazem parte de processos ainda maiores de constru\u00e7\u00e3o de narrativas, vidas e lutas de mulheres atingidas por megaprojetos de desenvolvimento. A equipe do Pacs elaborou<br>as perguntas e atuou como entrevistadora, com a perspectiva de ecoar <strong>lutas<\/strong>, <strong>reflex\u00f5es<\/strong> e as <strong>vozes<\/strong> das mulheres que trazem suas hist\u00f3rias para serem compartilhadas. <\/p>\n\n\n\n<p><\/p>\n","protected":false},"excerpt":{"rendered":"<p>As entrevistas aqui trazidas foram publicadas como parte da Campanha Mulheres Territ\u00f3rios de Luta ao longo dos anos de 2020 e 2021 e tamb\u00e9m est\u00e3o dispon\u00edveis nas redes sociais e no Medium do Instituto Pacs. Os di\u00e1logos foram realizados durante o per\u00edodo entre 2019 e 2020 e fazem parte de processos ainda maiores de constru\u00e7\u00e3o [&hellip;]<\/p>\n","protected":false},"author":1,"featured_media":71,"parent":0,"menu_order":0,"comment_status":"closed","ping_status":"closed","template":"","meta":{"footnotes":""},"class_list":["post-7","page","type-page","status-publish","has-post-thumbnail","hentry"],"_links":{"self":[{"href":"https:\/\/pacs.org.br\/mulheresterritoriosdeluta\/wp-json\/wp\/v2\/pages\/7","targetHints":{"allow":["GET"]}}],"collection":[{"href":"https:\/\/pacs.org.br\/mulheresterritoriosdeluta\/wp-json\/wp\/v2\/pages"}],"about":[{"href":"https:\/\/pacs.org.br\/mulheresterritoriosdeluta\/wp-json\/wp\/v2\/types\/page"}],"author":[{"embeddable":true,"href":"https:\/\/pacs.org.br\/mulheresterritoriosdeluta\/wp-json\/wp\/v2\/users\/1"}],"replies":[{"embeddable":true,"href":"https:\/\/pacs.org.br\/mulheresterritoriosdeluta\/wp-json\/wp\/v2\/comments?post=7"}],"version-history":[{"count":6,"href":"https:\/\/pacs.org.br\/mulheresterritoriosdeluta\/wp-json\/wp\/v2\/pages\/7\/revisions"}],"predecessor-version":[{"id":453,"href":"https:\/\/pacs.org.br\/mulheresterritoriosdeluta\/wp-json\/wp\/v2\/pages\/7\/revisions\/453"}],"wp:featuredmedia":[{"embeddable":true,"href":"https:\/\/pacs.org.br\/mulheresterritoriosdeluta\/wp-json\/wp\/v2\/media\/71"}],"wp:attachment":[{"href":"https:\/\/pacs.org.br\/mulheresterritoriosdeluta\/wp-json\/wp\/v2\/media?parent=7"}],"curies":[{"name":"wp","href":"https:\/\/api.w.org\/{rel}","templated":true}]}}